Last updated on 2023-10-03 01:04:53 CEST.
Flavor | Version | Tinstall | Tcheck | Ttotal | Status | Flags |
---|---|---|---|---|---|---|
r-devel-linux-x86_64-debian-clang | 1.2-6 | 5.96 | 56.61 | 62.57 | NOTE | |
r-devel-linux-x86_64-debian-gcc | 1.2-6 | 3.49 | 43.94 | 47.43 | NOTE | |
r-devel-linux-x86_64-fedora-clang | 1.2-6 | 76.32 | NOTE | |||
r-devel-linux-x86_64-fedora-gcc | 1.2-6 | 75.49 | NOTE | |||
r-devel-windows-x86_64 | 1.2-6 | 5.00 | 70.00 | 75.00 | NOTE | |
r-patched-linux-x86_64 | 1.2-6 | 5.32 | 56.37 | 61.69 | NOTE | |
r-release-linux-x86_64 | 1.2-6 | 4.49 | 55.43 | 59.92 | NOTE | |
r-release-macos-arm64 | 1.2-6 | 25.00 | NOTE | |||
r-release-macos-x86_64 | 1.2-6 | 42.00 | NOTE | |||
r-release-windows-x86_64 | 1.2-6 | 5.00 | 74.00 | 79.00 | NOTE | |
r-oldrel-macos-arm64 | 1.2-6 | 27.00 | NOTE | |||
r-oldrel-macos-x86_64 | 1.2-6 | 38.00 | NOTE | |||
r-oldrel-windows-x86_64 | 1.2-6 | 9.00 | 76.00 | 85.00 | NOTE |
Version: 1.2-6
Check: package dependencies
Result: NOTE
Package suggested but not available for checking: ‘glmmADMB’
Flavors: r-devel-linux-x86_64-debian-clang, r-devel-linux-x86_64-debian-gcc, r-devel-linux-x86_64-fedora-clang, r-devel-linux-x86_64-fedora-gcc, r-devel-windows-x86_64, r-patched-linux-x86_64, r-release-linux-x86_64, r-release-macos-arm64, r-release-macos-x86_64, r-release-windows-x86_64, r-oldrel-macos-arm64, r-oldrel-macos-x86_64, r-oldrel-windows-x86_64