Last updated on 2023-10-01 00:54:30 CEST.
Flavor | Version | Tinstall | Tcheck | Ttotal | Status | Flags |
---|---|---|---|---|---|---|
r-devel-linux-x86_64-debian-clang | 0.9.4-2 | 34.25 | 316.84 | 351.09 | NOTE | |
r-devel-linux-x86_64-debian-gcc | 0.9.4-2 | 27.49 | 229.78 | 257.27 | NOTE | |
r-devel-linux-x86_64-fedora-clang | 0.9.4-2 | 423.77 | NOTE | |||
r-devel-linux-x86_64-fedora-gcc | 0.9.4-2 | 455.29 | NOTE | |||
r-devel-windows-x86_64 | 0.9.4-2 | 30.00 | 224.00 | 254.00 | NOTE | |
r-patched-linux-x86_64 | 0.9.4-2 | 34.92 | 291.92 | 326.84 | OK | |
r-release-linux-x86_64 | 0.9.4-2 | 34.28 | 301.89 | 336.17 | OK | |
r-release-macos-arm64 | 0.9.4-2 | 6.00 | ERROR | |||
r-release-macos-x86_64 | 0.9.4-2 | 222.00 | OK | |||
r-release-windows-x86_64 | 0.9.4-2 | 39.00 | 285.00 | 324.00 | OK | |
r-oldrel-macos-arm64 | 0.9.4-2 | 93.00 | NOTE | |||
r-oldrel-macos-x86_64 | 0.9.4-2 | 12.00 | ERROR | |||
r-oldrel-windows-x86_64 | 0.9.4-2 | 37.00 | 259.00 | 296.00 | OK |
Version: 0.9.4-2
Check: Rd metadata
Result: NOTE
Invalid package aliases in Rd file 'hoardeR-package.Rd':
‘R/hoardeR-package’
Flavors: r-devel-linux-x86_64-debian-clang, r-devel-linux-x86_64-debian-gcc, r-devel-linux-x86_64-fedora-clang, r-devel-linux-x86_64-fedora-gcc, r-devel-windows-x86_64
Version: 0.9.4-2
Check: dependencies in R code
Result: NOTE
Namespaces in Imports field not imported from:
‘knitr’ ‘rmarkdown’
All declared Imports should be used.
Flavors: r-devel-linux-x86_64-fedora-clang, r-devel-linux-x86_64-fedora-gcc, r-oldrel-macos-arm64
Version: 0.9.4-2
Check: whether package can be installed
Result: ERROR
Installation failed.
Flavor: r-release-macos-arm64
Version: 0.9.4-2
Check: package dependencies
Result: ERROR
Package required but not available: ‘bamsignals’
See section ‘The DESCRIPTION file’ in the ‘Writing R Extensions’
manual.
Flavor: r-oldrel-macos-x86_64