CRAN Package Check Results for Package horserule

Last updated on 2022-01-24 00:47:36 CET.

Flavor Version Tinstall Tcheck Ttotal Status Flags
r-devel-linux-x86_64-debian-clang 1.0.0 12.47 136.64 149.11 WARN
r-devel-linux-x86_64-debian-gcc 1.0.0 10.28 115.65 125.93 WARN
r-devel-linux-x86_64-fedora-clang 1.0.0 183.11 WARN
r-devel-linux-x86_64-fedora-gcc 1.0.0 150.56 NOTE
r-devel-windows-x86_64-new-UL 1.0.0 36.00 142.00 178.00 OK
r-devel-windows-x86_64-new-TK 1.0.0 NOTE
r-patched-linux-x86_64 1.0.0 10.21 129.31 139.52 WARN
r-release-linux-x86_64 1.0.0 9.92 129.69 139.61 WARN
r-release-macos-arm64 1.0.0 NOTE
r-release-macos-x86_64 1.0.0 NOTE
r-release-windows-ix86+x86_64 1.0.0 29.00 151.00 180.00 OK
r-oldrel-macos-x86_64 1.0.0 NOTE
r-oldrel-windows-ix86+x86_64 1.0.0 29.00 154.00 183.00 OK

Check Details

Version: 1.0.0
Check: package dependencies
Result: WARN
    Requires (indirectly) orphaned package: 'RRF'
Flavors: r-devel-linux-x86_64-debian-clang, r-devel-linux-x86_64-debian-gcc, r-devel-linux-x86_64-fedora-clang, r-patched-linux-x86_64, r-release-linux-x86_64

Version: 1.0.0
Check: for non-standard things in the check directory
Result: NOTE
    Found the following files/directories:
     'NUL'
Flavors: r-devel-linux-x86_64-debian-clang, r-devel-linux-x86_64-debian-gcc, r-devel-linux-x86_64-fedora-clang, r-devel-linux-x86_64-fedora-gcc, r-patched-linux-x86_64, r-release-linux-x86_64

Version: 1.0.0
Check: dependencies in R code
Result: NOTE
    Namespaces in Imports field not imported from:
     ‘MASS’ ‘Rdpack’
     All declared Imports should be used.
Flavors: r-devel-linux-x86_64-fedora-clang, r-devel-linux-x86_64-fedora-gcc, r-devel-windows-x86_64-new-TK, r-release-macos-arm64, r-release-macos-x86_64, r-oldrel-macos-x86_64