CRAN Package Check Results for Package hrqglas

Last updated on 2021-10-28 00:48:47 CEST.

Flavor Version Tinstall Tcheck Ttotal Status Flags
r-devel-linux-x86_64-debian-clang 1.0.1 7.71 61.55 69.26 OK
r-devel-linux-x86_64-debian-gcc 1.0.1 7.13 48.12 55.25 OK
r-devel-linux-x86_64-fedora-clang 1.0.1 95.90 NOTE
r-devel-linux-x86_64-fedora-gcc 1.0.1 84.52 NOTE
r-devel-windows-x86_64 1.0.1 15.00 73.00 88.00 OK
r-devel-windows-x86_64-gcc10-UCRT 1.0.1 NOTE
r-patched-linux-x86_64 1.0.1 8.34 60.05 68.39 OK
r-patched-solaris-x86 1.0.1 123.80 NOTE
r-release-linux-x86_64 1.0.1 7.11 60.11 67.22 OK
r-release-macos-arm64 1.0.1 NOTE
r-release-macos-x86_64 1.0.1 NOTE
r-release-windows-ix86+x86_64 1.0.1 15.00 105.00 120.00 OK
r-oldrel-macos-x86_64 1.0.1 NOTE
r-oldrel-windows-ix86+x86_64 1.0.1 19.00 106.00 125.00 OK

Check Details

Version: 1.0.1
Check: dependencies in R code
Result: NOTE
    Namespace in Imports field not imported from: ‘Rcpp’
     All declared Imports should be used.
Flavors: r-devel-linux-x86_64-fedora-clang, r-devel-linux-x86_64-fedora-gcc, r-devel-windows-x86_64-gcc10-UCRT, r-patched-solaris-x86, r-release-macos-arm64, r-release-macos-x86_64, r-oldrel-macos-x86_64