Last updated on 2023-02-03 00:51:04 CET.
Flavor | Version | Tinstall | Tcheck | Ttotal | Status | Flags |
---|---|---|---|---|---|---|
r-devel-linux-x86_64-debian-clang | 0.8.1 | 433.80 | 134.11 | 567.91 | NOTE | |
r-devel-linux-x86_64-debian-gcc | 0.8.1 | 413.39 | 122.84 | 536.23 | NOTE | |
r-devel-linux-x86_64-fedora-clang | 0.8.1 | 737.92 | NOTE | |||
r-devel-linux-x86_64-fedora-gcc | 0.8.1 | 940.07 | NOTE | |||
r-patched-linux-x86_64 | 0.8.1 | 403.21 | 155.67 | 558.88 | OK | |
r-release-linux-x86_64 | 0.8.1 | 425.81 | 160.47 | 586.28 | OK | |
r-release-macos-arm64 | 0.8.1 | 203.00 | NOTE | |||
r-release-macos-x86_64 | 0.8.1 | 410.00 | NOTE | |||
r-release-windows-x86_64 | 0.8.1 | 682.00 | 296.00 | 978.00 | OK | |
r-oldrel-macos-arm64 | 0.8.1 | 189.00 | NOTE | |||
r-oldrel-macos-x86_64 | 0.8.1 | 248.00 | NOTE | |||
r-oldrel-windows-ix86+x86_64 | 0.8.1 | 693.00 | 18.00 | 711.00 | ERROR |
Version: 0.8.1
Check: C++ specification
Result: NOTE
Specified C++14: please update to current default of C++17
Flavors: r-devel-linux-x86_64-debian-clang, r-devel-linux-x86_64-debian-gcc, r-devel-linux-x86_64-fedora-clang, r-devel-linux-x86_64-fedora-gcc
Version: 0.8.1
Check: installed package size
Result: NOTE
installed size is 5.0Mb
sub-directories of 1Mb or more:
libs 4.5Mb
Flavors: r-devel-linux-x86_64-fedora-clang, r-release-macos-arm64, r-release-macos-x86_64, r-oldrel-macos-arm64, r-oldrel-macos-x86_64
Version: 0.8.1
Check: dependencies in R code
Result: NOTE
Namespace in Imports field not imported from: ‘RcppParallel’
All declared Imports should be used.
Flavors: r-devel-linux-x86_64-fedora-clang, r-devel-linux-x86_64-fedora-gcc, r-release-macos-arm64, r-release-macos-x86_64, r-oldrel-macos-arm64, r-oldrel-macos-x86_64
Version: 0.8.1
Check: for GNU extensions in Makefiles
Result: NOTE
GNU make is a SystemRequirements.
Flavors: r-devel-linux-x86_64-fedora-clang, r-devel-linux-x86_64-fedora-gcc, r-release-macos-arm64, r-release-macos-x86_64, r-oldrel-macos-arm64, r-oldrel-macos-x86_64
Version: 0.8.1
Check: whether package can be installed
Result: ERROR
Installation failed.
Flavor: r-oldrel-windows-ix86+x86_64