Last updated on 2023-03-30 00:51:56 CEST.
Flavor | Version | Tinstall | Tcheck | Ttotal | Status | Flags |
---|---|---|---|---|---|---|
r-devel-linux-x86_64-debian-clang | 1.6.9 | 236.97 | 46.07 | 283.04 | NOTE | |
r-devel-linux-x86_64-debian-gcc | 1.6.9 | 173.86 | 36.11 | 209.97 | NOTE | |
r-devel-linux-x86_64-fedora-clang | 1.6.9 | 424.06 | NOTE | |||
r-devel-linux-x86_64-fedora-gcc | 1.6.9 | 363.75 | NOTE | |||
r-devel-windows-x86_64 | 1.6.9 | 310.00 | 0.00 | 310.00 | NOTE | |
r-patched-linux-x86_64 | 1.6.9 | 189.01 | 45.56 | 234.57 | NOTE | |
r-release-linux-x86_64 | 1.6.9 | 174.24 | 45.23 | 219.47 | NOTE | |
r-release-macos-arm64 | 1.6.9 | 143.00 | NOTE | |||
r-release-macos-x86_64 | 1.6.9 | 200.00 | NOTE | |||
r-release-windows-x86_64 | 1.6.9 | 308.00 | 116.00 | 424.00 | NOTE | |
r-oldrel-macos-arm64 | 1.6.9 | 147.00 | NOTE | |||
r-oldrel-macos-x86_64 | 1.6.9 | 202.00 | NOTE | |||
r-oldrel-windows-ix86+x86_64 | 1.6.9 | 582.00 | 117.00 | 699.00 | NOTE |
Version: 1.6.9
Check: for GNU extensions in Makefiles
Result: NOTE
GNU make is a SystemRequirements.
Flavors: r-devel-linux-x86_64-debian-clang, r-devel-linux-x86_64-debian-gcc, r-devel-linux-x86_64-fedora-clang, r-devel-linux-x86_64-fedora-gcc, r-devel-windows-x86_64, r-patched-linux-x86_64, r-release-linux-x86_64, r-release-macos-arm64, r-release-macos-x86_64, r-release-windows-x86_64, r-oldrel-macos-arm64, r-oldrel-macos-x86_64, r-oldrel-windows-ix86+x86_64
Version: 1.6.9
Check: installed package size
Result: NOTE
installed size is 9.5Mb
sub-directories of 1Mb or more:
libs 9.1Mb
Flavors: r-release-macos-arm64, r-release-macos-x86_64, r-oldrel-macos-arm64, r-oldrel-macos-x86_64