CRAN Package Check Results for Package httr2

Last updated on 2021-11-29 00:48:30 CET.

Flavor Version Tinstall Tcheck Ttotal Status Flags
r-devel-linux-x86_64-debian-clang 0.1.1 OK
r-devel-linux-x86_64-debian-gcc 0.1.1 5.51 50.67 56.18 OK
r-devel-linux-x86_64-fedora-clang 0.1.1 96.35 OK
r-devel-linux-x86_64-fedora-gcc 0.1.1 86.54 OK
r-devel-windows-x86_64-new-UL 0.1.1 24.00 130.00 154.00 OK
r-devel-windows-x86_64-new-TK 0.1.1 OK
r-devel-windows-x86_64-old 0.1.1 7.00 110.00 117.00 OK
r-patched-linux-x86_64 0.1.1 7.54 64.75 72.29 OK
r-patched-solaris-x86 0.1.1 126.40 NOTE
r-release-linux-x86_64 0.1.1 5.69 64.90 70.59 OK
r-release-macos-arm64 0.1.1 OK
r-release-macos-x86_64 0.1.1 OK
r-release-windows-ix86+x86_64 0.1.1 13.00 84.00 97.00 OK
r-oldrel-macos-x86_64 0.1.1 OK
r-oldrel-windows-ix86+x86_64 0.1.1 7.00 105.00 112.00 OK

Additional issues

donttest

Check Details

Version: 0.1.1
Check: for detritus in the temp directory
Result: NOTE
    Found the following files/directories:
     ‘Rtmp_6aWxa’
Flavor: r-patched-solaris-x86