CRAN Package Check Results for Package hwriter

Last updated on 2021-10-23 00:48:56 CEST.

Flavor Version Tinstall Tcheck Ttotal Status Flags
r-devel-linux-x86_64-debian-clang 1.3.2 2.50 25.38 27.88 NOTE
r-devel-linux-x86_64-debian-gcc 1.3.2 2.06 20.57 22.63 NOTE
r-devel-linux-x86_64-fedora-clang 1.3.2 47.11 NOTE
r-devel-linux-x86_64-fedora-gcc 1.3.2 36.36 NOTE
r-devel-windows-x86_64 1.3.2 4.00 45.00 49.00 NOTE
r-devel-windows-x86_64-gcc10-UCRT 1.3.2 NOTE
r-patched-linux-x86_64 1.3.2 2.56 25.16 27.72 NOTE
r-patched-solaris-x86 1.3.2 53.80 NOTE
r-release-linux-x86_64 1.3.2 2.13 24.88 27.01 NOTE
r-release-macos-arm64 1.3.2 NOTE
r-release-macos-x86_64 1.3.2 NOTE
r-release-windows-ix86+x86_64 1.3.2 5.00 35.00 40.00 NOTE
r-oldrel-macos-x86_64 1.3.2 NOTE
r-oldrel-windows-ix86+x86_64 1.3.2 5.00 37.00 42.00 NOTE

Check Details

Version: 1.3.2
Check: DESCRIPTION meta-information
Result: NOTE
    Malformed Description field: should contain one or more complete sentences.
Flavors: r-devel-linux-x86_64-debian-clang, r-devel-linux-x86_64-debian-gcc, r-devel-linux-x86_64-fedora-clang, r-devel-linux-x86_64-fedora-gcc, r-devel-windows-x86_64, r-devel-windows-x86_64-gcc10-UCRT, r-patched-linux-x86_64, r-patched-solaris-x86, r-release-linux-x86_64, r-release-macos-arm64, r-release-macos-x86_64, r-release-windows-ix86+x86_64, r-oldrel-macos-x86_64, r-oldrel-windows-ix86+x86_64

Version: 1.3.2
Check: R code for possible problems
Result: NOTE
    getHwriterVersion: no visible global function definition for
     'sessionInfo'
    hmapRowCol: no visible global function definition for 'na.omit'
    hwriteImage: no visible global function definition for 'dev.print'
    hwriteImage: no visible binding for global variable 'png'
    showExample: no visible global function definition for 'browseURL'
    Undefined global functions or variables:
     browseURL dev.print na.omit png sessionInfo
    Consider adding
     importFrom("grDevices", "dev.print", "png")
     importFrom("stats", "na.omit")
     importFrom("utils", "browseURL", "sessionInfo")
    to your NAMESPACE file.
Flavors: r-devel-linux-x86_64-debian-clang, r-devel-linux-x86_64-debian-gcc, r-devel-linux-x86_64-fedora-clang, r-devel-linux-x86_64-fedora-gcc, r-devel-windows-x86_64, r-devel-windows-x86_64-gcc10-UCRT, r-patched-linux-x86_64, r-patched-solaris-x86, r-release-linux-x86_64, r-release-macos-arm64, r-release-macos-x86_64, r-release-windows-ix86+x86_64, r-oldrel-macos-x86_64, r-oldrel-windows-ix86+x86_64