Last updated on 2023-10-03 01:04:53 CEST.
Flavor | Version | Tinstall | Tcheck | Ttotal | Status | Flags |
---|---|---|---|---|---|---|
r-devel-linux-x86_64-debian-clang | 1.1 | 7.81 | 66.63 | 74.44 | OK | |
r-devel-linux-x86_64-debian-gcc | 1.1 | 5.01 | 48.88 | 53.89 | OK | |
r-devel-linux-x86_64-fedora-clang | 1.1 | 87.24 | NOTE | |||
r-devel-linux-x86_64-fedora-gcc | 1.1 | 101.15 | NOTE | |||
r-devel-windows-x86_64 | 1.1 | 10.00 | 68.00 | 78.00 | OK | |
r-patched-linux-x86_64 | 1.1 | 5.48 | 63.95 | 69.43 | OK | |
r-release-linux-x86_64 | 1.1 | 7.56 | 62.12 | 69.68 | OK | |
r-release-macos-arm64 | 1.1 | 43.00 | OK | |||
r-release-macos-x86_64 | 1.1 | 112.00 | OK | |||
r-release-windows-x86_64 | 1.1 | 10.00 | 75.00 | 85.00 | OK | |
r-oldrel-macos-arm64 | 1.1 | 38.00 | OK | |||
r-oldrel-macos-x86_64 | 1.1 | 44.00 | OK | |||
r-oldrel-windows-x86_64 | 1.1 | 10.00 | 81.00 | 91.00 | OK |
Version: 1.1
Check: data for non-ASCII characters
Result: NOTE
Note: found 1 marked UTF-8 string
Flavors: r-devel-linux-x86_64-fedora-clang, r-devel-linux-x86_64-fedora-gcc