CRAN Package Check Results for Package hydroApps

Last updated on 2021-10-28 00:48:47 CEST.

Flavor Version Tinstall Tcheck Ttotal Status Flags
r-devel-linux-x86_64-debian-clang 0.1-1 2.89 22.84 25.73 NOTE
r-devel-linux-x86_64-debian-gcc 0.1-1 2.28 18.02 20.30 NOTE
r-devel-linux-x86_64-fedora-clang 0.1-1 42.64 NOTE
r-devel-linux-x86_64-fedora-gcc 0.1-1 31.40 NOTE
r-devel-windows-x86_64 0.1-1 5.00 37.00 42.00 NOTE
r-devel-windows-x86_64-gcc10-UCRT 0.1-1 NOTE
r-patched-linux-x86_64 0.1-1 2.80 22.48 25.28 NOTE
r-patched-solaris-x86 0.1-1 49.00 NOTE
r-release-linux-x86_64 0.1-1 2.71 22.42 25.13 NOTE
r-release-macos-arm64 0.1-1 NOTE
r-release-macos-x86_64 0.1-1 NOTE
r-release-windows-ix86+x86_64 0.1-1 5.00 34.00 39.00 NOTE
r-oldrel-macos-x86_64 0.1-1 NOTE
r-oldrel-windows-ix86+x86_64 0.1-1 4.00 33.00 37.00 NOTE

Check Details

Version: 0.1-1
Check: R code for possible problems
Result: NOTE
    ARPIEM2012.Lmom.sample: no visible global function definition for 'var'
    ARPIEM2012.freq: no visible binding for global variable 'quantile'
    ARPIEM2012.sim.Lmoments : ARPIEM2012.sim.Qind_camp: no visible global
     function definition for 'rnorm'
    ARPIEM2012.sim.Lmoments : ARPIEM2012.sim.Qind_reg_moltiplicativo: no
     visible global function definition for 'rnorm'
    ARPIEM2012.sim.Lmoments : ARPIEM2012.sim.LCV_camp.LCA_camp: no visible
     global function definition for 'rnorm'
    ARPIEM2012.sim.Lmoments : ARPIEM2012.sim.LCV_camp.LCA_reg_additivo: no
     visible global function definition for 'rnorm'
    ARPIEM2012.sim.Lmoments :
     ARPIEM2012.sim.LCV_reg_moltiplicativo.LCA_reg_additivo: no visible
     global function definition for 'rnorm'
    Undefined global functions or variables:
     quantile rnorm var
    Consider adding
     importFrom("stats", "quantile", "rnorm", "var")
    to your NAMESPACE file.
Flavors: r-devel-linux-x86_64-debian-clang, r-devel-linux-x86_64-debian-gcc, r-devel-linux-x86_64-fedora-clang, r-devel-linux-x86_64-fedora-gcc, r-devel-windows-x86_64, r-devel-windows-x86_64-gcc10-UCRT, r-patched-linux-x86_64, r-patched-solaris-x86, r-release-linux-x86_64, r-release-macos-arm64, r-release-macos-x86_64, r-release-windows-ix86+x86_64, r-oldrel-macos-x86_64, r-oldrel-windows-ix86+x86_64