CRAN Package Check Results for Package hydroPSO

Last updated on 2019-01-19 00:46:28 CET.

Flavor Version Tinstall Tcheck Ttotal Status Flags
r-devel-linux-x86_64-debian-clang 0.4-1 13.28 123.00 136.28 OK
r-devel-linux-x86_64-debian-gcc 0.4-1 10.03 91.85 101.88 OK
r-devel-linux-x86_64-fedora-clang 0.4-1 159.58 OK
r-devel-linux-x86_64-fedora-gcc 0.4-1 148.95 OK
r-devel-windows-ix86+x86_64 0.4-1 38.00 180.00 218.00 OK
r-patched-linux-x86_64 0.4-1 12.76 112.29 125.05 OK
r-patched-solaris-x86 0.4-1 233.70 OK
r-release-linux-x86_64 0.4-1 12.97 111.98 124.95 OK
r-release-windows-ix86+x86_64 0.4-1 32.00 192.00 224.00 WARN
r-release-osx-x86_64 0.4-1 OK
r-oldrel-windows-ix86+x86_64 0.4-1 38.00 197.00 235.00 WARN
r-oldrel-osx-x86_64 0.4-1 OK

Check Details

Version: 0.4-1
Check: whether package can be installed
Result: WARN
    Found the following significant warnings:
     Warning: S3 methods '[.fun_list', '[.grouped_df', 'all.equal.tbl_df', 'anti_join.data.frame', 'anti_join.tbl_df', 'arrange.data.frame', 'arrange.default', 'arrange.grouped_df', 'arrange.tbl_df', 'arrange_.data.frame', 'arrange_.tbl_df', 'as.data.frame.grouped_df', 'as.data.frame.rowwise_df', 'as.data.frame.tbl_cube', 'as.table.tbl_cube', 'as.tbl.data.frame', 'as.tbl.tbl', 'as.tbl_cube.array', 'as.tbl_cube.data.frame', 'as.tbl_cube.matrix', 'as.tbl_cube.table', 'as_tibble.grouped_df', 'as_tibble.tbl_cube', 'auto_copy.tbl_cube', 'auto_copy.tbl_df', 'cbind.grouped_df', 'collapse.data.frame', 'collect.data.frame', 'common_by.NULL', 'common_by.character', 'common_by.default', 'common_by.list', 'compute.data.frame', 'copy_to.DBIConnection', 'copy_to.src_local', 'default_missing.data.frame', 'default_missing.default', 'dim.tbl_cube', 'distinct.data.frame', 'distinct.default', 'distinct.grouped_df', 'distinct.tbl_df', 'distinct_.data.frame', 'distinct_.grouped_df', 'distinct_.tbl_df', 'do.NULL', 'do.da [... truncated]
Flavors: r-release-windows-ix86+x86_64, r-oldrel-windows-ix86+x86_64