CRAN Package Check Results for Package hyfo

Last updated on 2024-06-14 00:53:45 CEST.

Flavor Version Tinstall Tcheck Ttotal Status Flags
r-devel-linux-x86_64-debian-clang 1.4.6 15.05 90.94 105.99 NOTE
r-devel-linux-x86_64-debian-gcc 1.4.6 0.49 1.74 2.23 ERROR
r-devel-linux-x86_64-fedora-clang 1.4.6 185.42 NOTE
r-devel-linux-x86_64-fedora-gcc 1.4.6 188.42 NOTE
r-devel-windows-x86_64 1.4.6 13.00 124.00 137.00 NOTE
r-patched-linux-x86_64 1.4.6 14.26 80.99 95.25 NOTE
r-release-linux-x86_64 1.4.6 13.02 85.77 98.79 NOTE
r-release-macos-arm64 1.4.6 58.00 NOTE
r-release-macos-x86_64 1.4.6 97.00 NOTE
r-release-windows-x86_64 1.4.6 13.00 127.00 140.00 NOTE
r-oldrel-macos-arm64 1.4.6 62.00 OK
r-oldrel-macos-x86_64 1.4.6 90.00 OK
r-oldrel-windows-x86_64 1.4.6 17.00 151.00 168.00 OK

Check Details

Version: 1.4.6
Check: Rd files
Result: NOTE checkRd: (-1) extractPeriod.Rd:57: Lost braces 57 | NOTE: all the dates in the datalist should follow the format in ?as.Date{base}. | ^ Flavors: r-devel-linux-x86_64-debian-clang, r-devel-linux-x86_64-fedora-clang, r-devel-linux-x86_64-fedora-gcc, r-devel-windows-x86_64, r-patched-linux-x86_64, r-release-linux-x86_64, r-release-macos-arm64, r-release-macos-x86_64, r-release-windows-x86_64

Version: 1.4.6
Check: package dependencies
Result: ERROR Packages required but not available: 'ggplot2', 'reshape2' See section ‘The DESCRIPTION file’ in the ‘Writing R Extensions’ manual. Flavor: r-devel-linux-x86_64-debian-gcc