CRAN Package Check Results for Package hyper2

Last updated on 2023-06-10 00:54:47 CEST.

Flavor Version Tinstall Tcheck Ttotal Status Flags
r-devel-linux-x86_64-debian-clang 3.0-0 52.58 750.51 803.09 OK
r-devel-linux-x86_64-debian-gcc 3.0-0 39.45 545.51 584.96 OK
r-devel-linux-x86_64-fedora-clang 3.0-0 684.50 OK
r-devel-linux-x86_64-fedora-gcc 3.0-0 938.69 OK
r-devel-windows-x86_64 3.0-0 43.00 569.00 612.00 OK
r-patched-linux-x86_64 3.0-0 48.26 681.35 729.61 OK
r-release-linux-x86_64 3.0-0 40.98 689.30 730.28 OK
r-release-macos-arm64 3.0-0 239.00 OK
r-release-macos-x86_64 3.0-0 512.00 NOTE
r-release-windows-x86_64 3.0-0 53.00 771.00 824.00 OK
r-oldrel-macos-arm64 3.0-0 273.00 OK
r-oldrel-macos-x86_64 3.0-0 392.00 OK
r-oldrel-windows-x86_64 3.0-0 49.00 985.00 1034.00 OK

Check Details

Version: 3.0-0
Check: re-building of vignette outputs
Result: NOTE
    Error(s) in re-building vignettes:
    --- re-building ‘hyper3.Rmd’ using rmarkdown
    Pandoc is required to build R Markdown vignettes but not available. Please make sure it is installed.
    --- finished re-building ‘hyper3.Rmd’
    
    --- re-building ‘icons.Rmd’ using rmarkdown
    Pandoc is required to build R Markdown vignettes but not available. Please make sure it is installed.
    --- finished re-building ‘icons.Rmd’
    
    --- re-building ‘hyper2.Rnw’ using Sweave
    Loading required package: magrittr
    Loading required package: cubature
    
    Attaching package: ‘hyper2’
    
    The following object is masked from ‘package:stats’:
    
     weights
    
    Warning in print.hyper2(res$value) : powers have nonzero sum
    Warning in print.hyper2(res$value) : powers have nonzero sum
    Warning in print.hyper2(res$value) : powers have nonzero sum
    Warning in print.hyper2(res$value) : powers have nonzero sum
    Error: processing vignette 'hyper2.Rnw' failed with diagnostics:
    Running 'texi2dvi' on 'hyper2.tex' failed.
    LaTeX errors:
    ! LaTeX Error: File `dsfont.sty' not found.
    
    Type X to quit or <RETURN> to proceed,
    or enter new name. (Default extension: sty)
    
    ! Emergency stop.
    <read *>
    
    l.10 \usepackage
     {bbm}^^M
    ! ==> Fatal error occurred, no output PDF file produced!
    --- failed re-building ‘hyper2.Rnw’
    
    --- re-building ‘integration.Rnw’ using Sweave
    
    Attaching package: ‘hyper2’
    
    The following object is masked from ‘package:stats’:
    
     weights
    
    Warning in print.hyper2(res$value) : powers have nonzero sum
    Error: processing vignette 'integration.Rnw' failed with diagnostics:
    Running 'texi2dvi' on 'integration.tex' failed.
    LaTeX errors:
    ! LaTeX Error: File `dsfont.sty' not found.
    
    Type X to quit or <RETURN> to proceed,
    or enter new name. (Default extension: sty)
    
    ! Emergency stop.
    <read *>
    
    l.4 \usepackage
     {bbm}^^M
    ! ==> Fatal error occurred, no output PDF file produced!
    --- failed re-building ‘integration.Rnw’
    
    SUMMARY: processing the following files failed:
     ‘hyper2.Rnw’ ‘integration.Rnw’
    
    Error: Vignette re-building failed.
    Execution halted
Flavor: r-release-macos-x86_64