CRAN Package Check Results for Package hystReet

Last updated on 2021-10-26 00:59:54 CEST.

Flavor Version Tinstall Tcheck Ttotal Status Flags
r-devel-linux-x86_64-debian-clang 0.0.2 3.32 39.04 42.36 OK
r-devel-linux-x86_64-debian-gcc 0.0.2 2.79 30.69 33.48 OK
r-devel-linux-x86_64-fedora-clang 0.0.2 61.60 NOTE
r-devel-linux-x86_64-fedora-gcc 0.0.2 50.92 NOTE
r-devel-windows-x86_64 0.0.2 6.00 59.00 65.00 OK
r-devel-windows-x86_64-gcc10-UCRT 0.0.2 NOTE
r-patched-linux-x86_64 0.0.2 3.22 37.32 40.54 OK
r-patched-solaris-x86 0.0.2 80.50 NOTE
r-release-linux-x86_64 0.0.2 3.54 37.63 41.17 OK
r-release-macos-arm64 0.0.2 NOTE
r-release-macos-x86_64 0.0.2 NOTE
r-release-windows-ix86+x86_64 0.0.2 5.00 61.00 66.00 OK
r-oldrel-macos-x86_64 0.0.2 NOTE
r-oldrel-windows-ix86+x86_64 0.0.2 12.00 70.00 82.00 OK

Check Details

Version: 0.0.2
Check: data for non-ASCII characters
Result: NOTE
     Note: found 26215 marked UTF-8 strings
Flavors: r-devel-linux-x86_64-fedora-clang, r-devel-linux-x86_64-fedora-gcc, r-devel-windows-x86_64-gcc10-UCRT, r-patched-solaris-x86, r-release-macos-arm64, r-release-macos-x86_64, r-oldrel-macos-x86_64