CRAN Package Check Results for Package hystReet

Last updated on 2024-06-18 00:57:28 CEST.

Flavor Version Tinstall Tcheck Ttotal Status Flags
r-devel-linux-x86_64-debian-clang 0.0.3 4.30 48.79 53.09 OK
r-devel-linux-x86_64-debian-gcc 0.0.3 3.01 37.80 40.81 OK
r-devel-linux-x86_64-fedora-clang 0.0.3 67.32 NOTE
r-devel-linux-x86_64-fedora-gcc 0.0.3 76.10 NOTE
r-devel-windows-x86_64 0.0.3 4.00 57.00 61.00 OK
r-patched-linux-x86_64 0.0.3 3.76 46.21 49.97 OK
r-release-linux-x86_64 0.0.3 2.88 46.47 49.35 OK
r-release-macos-arm64 0.0.3 29.00 OK
r-release-macos-x86_64 0.0.3 40.00 OK
r-release-windows-x86_64 0.0.3 5.00 57.00 62.00 OK
r-oldrel-macos-arm64 0.0.3 28.00 OK
r-oldrel-macos-x86_64 0.0.3 41.00 OK
r-oldrel-windows-x86_64 0.0.3 5.00 60.00 65.00 OK

Check Details

Version: 0.0.3
Check: data for non-ASCII characters
Result: NOTE Note: found 38558 marked UTF-8 strings Flavors: r-devel-linux-x86_64-fedora-clang, r-devel-linux-x86_64-fedora-gcc