Last updated on 2023-09-24 00:56:44 CEST.
Flavor | Version | Tinstall | Tcheck | Ttotal | Status | Flags |
---|---|---|---|---|---|---|
r-devel-linux-x86_64-debian-clang | 0.2.0 | 35.56 | 91.69 | 127.25 | OK | |
r-devel-linux-x86_64-debian-gcc | 0.2.0 | 32.45 | 67.33 | 99.78 | OK | |
r-devel-linux-x86_64-fedora-clang | 0.2.0 | 173.01 | NOTE | |||
r-devel-linux-x86_64-fedora-gcc | 0.2.0 | 169.36 | NOTE | |||
r-devel-windows-x86_64 | 0.2.0 | 29.00 | 84.00 | 113.00 | OK | |
r-patched-linux-x86_64 | 0.2.0 | 35.21 | 91.84 | 127.05 | OK | |
r-release-linux-x86_64 | 0.2.0 | 34.17 | 90.06 | 124.23 | OK | |
r-release-macos-arm64 | 0.2.0 | 57.00 | OK | |||
r-release-macos-x86_64 | 0.2.0 | 94.00 | OK | |||
r-release-windows-x86_64 | 0.2.0 | 36.00 | 95.00 | 131.00 | OK | |
r-oldrel-macos-arm64 | 0.2.0 | 66.00 | OK | |||
r-oldrel-macos-x86_64 | 0.2.0 | 76.00 | NOTE | |||
r-oldrel-windows-x86_64 | 0.2.0 | 46.00 | 107.00 | 153.00 | OK |
Version: 0.2.0
Check: data for non-ASCII characters
Result: NOTE
Note: found 1058038 marked UTF-8 strings
Flavors: r-devel-linux-x86_64-fedora-clang, r-devel-linux-x86_64-fedora-gcc, r-oldrel-macos-x86_64