Last updated on 2023-06-04 00:54:33 CEST.
Flavor | Version | Tinstall | Tcheck | Ttotal | Status | Flags |
---|---|---|---|---|---|---|
r-devel-linux-x86_64-debian-clang | 1.50.0 | 26.73 | 158.52 | 185.25 | NOTE | |
r-devel-linux-x86_64-debian-gcc | 1.50.0 | 20.05 | 118.02 | 138.07 | NOTE | |
r-devel-linux-x86_64-fedora-clang | 1.50.0 | 234.21 | NOTE | |||
r-devel-linux-x86_64-fedora-gcc | 1.50.0 | 230.68 | NOTE | |||
r-devel-windows-x86_64 | 1.50.0 | 21.00 | 135.00 | 156.00 | NOTE | |
r-patched-linux-x86_64 | 1.50.0 | NOTE | ||||
r-release-linux-x86_64 | 1.50.0 | 19.22 | 148.22 | 167.44 | NOTE | |
r-release-macos-arm64 | 1.50.0 | 75.00 | NOTE | |||
r-release-macos-x86_64 | 1.50.0 | 116.00 | NOTE | |||
r-release-windows-x86_64 | 1.50.0 | 26.00 | 163.00 | 189.00 | NOTE | |
r-oldrel-macos-arm64 | 1.50.0 | 56.00 | NOTE | |||
r-oldrel-macos-x86_64 | 1.50.0 | 104.00 | NOTE | |||
r-oldrel-windows-x86_64 | 1.50.0 | 28.00 | 167.00 | 195.00 | NOTE |
Version: 1.50.0
Check: package dependencies
Result: NOTE
Package suggested but not available for checking: ‘SparkR’
Flavors: r-devel-linux-x86_64-debian-clang, r-devel-linux-x86_64-debian-gcc, r-devel-linux-x86_64-fedora-clang, r-devel-linux-x86_64-fedora-gcc, r-devel-windows-x86_64, r-patched-linux-x86_64, r-release-linux-x86_64, r-release-macos-arm64, r-release-macos-x86_64, r-release-windows-x86_64, r-oldrel-macos-arm64, r-oldrel-macos-x86_64, r-oldrel-windows-x86_64