CRAN Package Check Results for Package ibr

Last updated on 2021-10-25 00:49:13 CEST.

Flavor Version Tinstall Tcheck Ttotal Status Flags
r-devel-linux-x86_64-debian-clang 2.0-3 13.32 85.65 98.97 OK
r-devel-linux-x86_64-debian-gcc 2.0-3 11.34 65.47 76.81 OK
r-devel-linux-x86_64-fedora-clang 2.0-3 130.52 NOTE
r-devel-linux-x86_64-fedora-gcc 2.0-3 121.03 NOTE
r-devel-windows-x86_64 2.0-3 23.00 84.00 107.00 OK
r-devel-windows-x86_64-gcc10-UCRT 2.0-3 OK
r-patched-linux-x86_64 2.0-3 15.06 84.89 99.95 OK
r-patched-solaris-x86 2.0-3 161.50 OK
r-release-linux-x86_64 2.0-3 12.31 85.47 97.78 OK
r-release-macos-arm64 2.0-3 OK
r-release-macos-x86_64 2.0-3 OK
r-release-windows-ix86+x86_64 2.0-3 24.00 129.00 153.00 OK
r-oldrel-macos-x86_64 2.0-3 OK
r-oldrel-windows-ix86+x86_64 2.0-3 32.00 134.00 166.00 OK

Check Details

Version: 2.0-3
Check: foreign function calls
Result: NOTE
    Registration problems:
     symbol ‘nom1’ in the local frame:
     .C(nom1, as.double(xord), as.integer(length(xord)), as.double(yord),
     as.double(gridbw), as.integer(length(gridbw)), as.integer(effold),
     as.integer(neffold), double(length(gridbw)), double(length(gridbw)))
     symbol ‘nom2’ in the local frame:
     .C(nom2, as.double(x), as.integer(n), as.double(y), as.double(bandwidth),
     as.double(x), as.integer(n), double(n), double(1))
     symbol ‘nom2’ in the local frame:
     .C(nom2, as.double(x), as.integer(n), as.double(y), as.double(bandwidth),
     as.double(x), as.integer(n), double(n), double(1), double(n))
     symbol ‘nom’ in the local frame:
     .C(nom, as.double(x), as.integer(length(x)), as.double(y), as.double(object$bandwidth),
     as.double(newdata), as.integer(length(newdata)), double(length(newdata)),
     double(1))
     symbol ‘nom’ in the local frame:
     .C(nom, as.double(x), as.integer(length(x)), as.double(y), as.double(object$bandwidth),
     as.double(newdata), as.integer(length(newdata)), double(length(newdata)),
     double(1), double(length(newdata)))
    See chapter ‘System and foreign language interfaces’ in the ‘Writing R
    Extensions’ manual.
Flavors: r-devel-linux-x86_64-fedora-clang, r-devel-linux-x86_64-fedora-gcc