Last updated on 2025-01-17 00:49:07 CET.
Flavor | Version | Tinstall | Tcheck | Ttotal | Status | Flags |
---|---|---|---|---|---|---|
r-devel-linux-x86_64-debian-clang | 1.0.2 | 42.23 | 259.42 | 301.65 | OK | |
r-devel-linux-x86_64-debian-gcc | 1.0.2 | 29.00 | 200.28 | 229.28 | OK | |
r-devel-linux-x86_64-fedora-clang | 1.0.2 | 555.18 | NOTE | |||
r-devel-linux-x86_64-fedora-gcc | 1.0.2 | 518.00 | NOTE | |||
r-devel-windows-x86_64 | 1.0.2 | 34.00 | 236.00 | 270.00 | OK | |
r-patched-linux-x86_64 | 1.0.2 | 41.22 | 264.84 | 306.06 | OK | |
r-release-linux-x86_64 | 1.0.2 | 39.16 | 284.50 | 323.66 | OK | |
r-release-macos-arm64 | 1.0.2 | 120.00 | OK | |||
r-release-macos-x86_64 | 1.0.2 | 192.00 | OK | |||
r-release-windows-x86_64 | 1.0.2 | 35.00 | 237.00 | 272.00 | OK | |
r-oldrel-macos-arm64 | 1.0.2 | 130.00 | OK | |||
r-oldrel-macos-x86_64 | 1.0.2 | 227.00 | OK | |||
r-oldrel-windows-x86_64 | 1.0.2 | 48.00 | 321.00 | 369.00 | OK |
Version: 1.0.2
Check: dependencies in R code
Result: NOTE
Namespace in Imports field not imported from: ‘methods’
All declared Imports should be used.
Flavors: r-devel-linux-x86_64-fedora-clang, r-devel-linux-x86_64-fedora-gcc