CRAN Package Check Results for Package iccbeta

Last updated on 2023-12-06 00:58:16 CET.

Flavor Version Tinstall Tcheck Ttotal Status Flags
r-devel-linux-x86_64-debian-clang 1.2.0 37.54 78.38 115.92 NOTE
r-devel-linux-x86_64-debian-gcc 1.2.0 27.57 60.95 88.52 NOTE
r-devel-linux-x86_64-fedora-clang 1.2.0 157.47 NOTE
r-devel-linux-x86_64-fedora-gcc 1.2.0 150.61 NOTE
r-devel-windows-x86_64 1.2.0 31.00 94.00 125.00 NOTE
r-patched-linux-x86_64 1.2.0 25.53 77.77 103.30 NOTE
r-release-linux-x86_64 1.2.0 24.71 77.44 102.15 NOTE
r-release-macos-arm64 1.2.0 47.00 NOTE
r-release-macos-x86_64 1.2.0 74.00 NOTE
r-release-windows-x86_64 1.2.0 39.00 111.00 150.00 NOTE
r-oldrel-macos-arm64 1.2.0 43.00 OK
r-oldrel-macos-x86_64 1.2.0 73.00 OK
r-oldrel-windows-x86_64 1.2.0 40.00 112.00 152.00 OK

Check Details

Version: 1.2.0
Check: C++ specification
Result: NOTE Specified C++11: please drop specification unless essential Flavors: r-devel-linux-x86_64-debian-clang, r-devel-linux-x86_64-debian-gcc, r-devel-linux-x86_64-fedora-clang, r-devel-linux-x86_64-fedora-gcc, r-devel-windows-x86_64, r-patched-linux-x86_64, r-release-linux-x86_64, r-release-macos-arm64, r-release-macos-x86_64, r-release-windows-x86_64