Last updated on 2023-03-20 00:54:08 CET.
Flavor | Version | Tinstall | Tcheck | Ttotal | Status | Flags |
---|---|---|---|---|---|---|
r-devel-linux-x86_64-debian-clang | 1.2.0 | NOTE | ||||
r-devel-linux-x86_64-debian-gcc | 1.2.0 | 28.24 | 64.18 | 92.42 | NOTE | |
r-devel-linux-x86_64-fedora-clang | 1.2.0 | 173.15 | NOTE | |||
r-devel-linux-x86_64-fedora-gcc | 1.2.0 | 152.18 | NOTE | |||
r-patched-linux-x86_64 | 1.2.0 | 34.13 | 78.43 | 112.56 | OK | |
r-release-linux-x86_64 | 1.2.0 | 28.25 | 79.77 | 108.02 | OK | |
r-release-macos-arm64 | 1.2.0 | 43.00 | OK | |||
r-release-macos-x86_64 | 1.2.0 | 73.00 | OK | |||
r-release-windows-x86_64 | 1.2.0 | 41.00 | 130.00 | 171.00 | OK | |
r-oldrel-macos-arm64 | 1.2.0 | 49.00 | OK | |||
r-oldrel-macos-x86_64 | 1.2.0 | 71.00 | OK | |||
r-oldrel-windows-ix86+x86_64 | 1.2.0 | 92.00 | 149.00 | 241.00 | OK |
Version: 1.2.0
Check: C++ specification
Result: NOTE
Specified C++11: please drop specification unless essential
Flavors: r-devel-linux-x86_64-debian-clang, r-devel-linux-x86_64-debian-gcc, r-devel-linux-x86_64-fedora-clang, r-devel-linux-x86_64-fedora-gcc