CRAN Package Check Results for Package iconr

Last updated on 2021-10-22 00:50:28 CEST.

Flavor Version Tinstall Tcheck Ttotal Status Flags
r-devel-linux-x86_64-debian-clang 0.1.0 3.49 56.20 59.69 NOTE
r-devel-linux-x86_64-debian-gcc 0.1.0 2.60 36.83 39.43 NOTE
r-devel-linux-x86_64-fedora-clang 0.1.0 78.22 NOTE
r-devel-linux-x86_64-fedora-gcc 0.1.0 59.64 NOTE
r-devel-windows-x86_64 0.1.0 6.00 69.00 75.00 NOTE
r-devel-windows-x86_64-gcc10-UCRT 0.1.0 ERROR
r-patched-linux-x86_64 0.1.0 3.68 45.63 49.31 NOTE
r-patched-solaris-x86 0.1.0 66.80 NOTE
r-release-linux-x86_64 0.1.0 3.31 45.39 48.70 NOTE
r-release-macos-arm64 0.1.0 NOTE
r-release-macos-x86_64 0.1.0 NOTE
r-release-windows-ix86+x86_64 0.1.0 6.00 63.00 69.00 NOTE
r-oldrel-macos-x86_64 0.1.0 OK
r-oldrel-windows-ix86+x86_64 0.1.0 7.00 67.00 74.00 OK

Check Details

Version: 0.1.0
Check: LazyData
Result: NOTE
     'LazyData' is specified without a 'data' directory
Flavors: r-devel-linux-x86_64-debian-clang, r-devel-linux-x86_64-debian-gcc, r-devel-linux-x86_64-fedora-clang, r-devel-linux-x86_64-fedora-gcc, r-devel-windows-x86_64, r-patched-linux-x86_64, r-patched-solaris-x86, r-release-linux-x86_64, r-release-macos-arm64, r-release-macos-x86_64, r-release-windows-ix86+x86_64

Version: 0.1.0
Check: package dependencies
Result: ERROR
    Package required but not available: 'igraph'
    
    See section 'The DESCRIPTION file' in the 'Writing R Extensions'
    manual.
Flavor: r-devel-windows-x86_64-gcc10-UCRT

Version: 0.1.0
Check: installed package size
Result: NOTE
     installed size is 5.5Mb
     sub-directories of 1Mb or more:
     doc 2.8Mb
     help 1.9Mb
Flavor: r-patched-solaris-x86