CRAN Package Check Results for Package icosa

Last updated on 2021-10-19 00:49:19 CEST.

Flavor Version Tinstall Tcheck Ttotal Status Flags
r-devel-linux-x86_64-debian-clang 0.10.1 46.33 253.57 299.90 OK
r-devel-linux-x86_64-debian-gcc 0.10.1 35.03 187.84 222.87 OK
r-devel-linux-x86_64-fedora-clang 0.10.1 398.14 OK
r-devel-linux-x86_64-fedora-gcc 0.10.1 370.60 OK
r-devel-windows-x86_64 0.10.1 65.00 101.00 166.00 OK --no-vignettes
r-devel-windows-x86_64-gcc10-UCRT 0.10.1 WARN
r-patched-linux-x86_64 0.10.1 41.29 233.83 275.12 OK
r-patched-solaris-x86 0.10.1 305.70 OK
r-release-linux-x86_64 0.10.1 43.14 233.57 276.71 OK
r-release-macos-arm64 0.10.1 OK
r-release-macos-x86_64 0.10.1 OK
r-release-windows-ix86+x86_64 0.10.1 83.00 163.00 246.00 OK --no-vignettes
r-oldrel-macos-x86_64 0.10.1 OK
r-oldrel-windows-ix86+x86_64 0.10.1 114.00 170.00 284.00 OK --no-vignettes

Check Details

Version: 0.10.1
Check: for missing documentation entries
Result: WARN
    Undocumented S4 methods:
     generic 'values<-' and siglist 'gridlayer,ANY'
    All user-level objects in a package (including S4 classes and methods)
    should have documentation entries.
    See chapter 'Writing R documentation files' in the 'Writing R
    Extensions' manual.
Flavor: r-devel-windows-x86_64-gcc10-UCRT

Version: 0.10.1
Check: re-building of vignette outputs
Result: WARN
    Error(s) in re-building vignettes:
    --- re-building 'icosa.Rmd' using rmarkdown
    Warning in snapshot3d(paste0(name, ".png")) :
     webshot = TRUE requires the webshot2 package; using rgl.snapshot() instead
    Warning in snapshot3d(paste0(name, ".png")) :
     webshot = TRUE requires the webshot2 package; using rgl.snapshot() instead
    Warning in snapshot3d(paste0(name, ".png")) :
     webshot = TRUE requires the webshot2 package; using rgl.snapshot() instead
    Warning in snapshot3d(paste0(name, ".png")) :
     webshot = TRUE requires the webshot2 package; using rgl.snapshot() instead
    Warning in snapshot3d(paste0(name, ".png")) :
     webshot = TRUE requires the webshot2 package; using rgl.snapshot() instead
    Warning in snapshot3d(paste0(name, ".png")) :
     webshot = TRUE requires the webshot2 package; using rgl.snapshot() instead
    Warning in snapshot3d(paste0(name, ".png")) :
     webshot = TRUE requires the webshot2 package; using rgl.snapshot() instead
    Warning in snapshot3d(paste0(name, ".png")) :
     webshot = TRUE requires the webshot2 package; using rgl.snapshot() instead
    Warning in snapshot3d(paste0(name, ".png")) :
     webshot = TRUE requires the webshot2 package; using rgl.snapshot() instead
    Warning in snapshot3d(paste0(name, ".png")) :
     webshot = TRUE requires the webshot2 package; using rgl.snapshot() instead
    Warning in snapshot3d(paste0(name, ".png")) :
     webshot = TRUE requires the webshot2 package; using rgl.snapshot() instead
    Warning in oldviewport$viewport * newsize :
     NAs produced by integer overflow
    Warning in snapshot3d(paste0(name, ".png")) :
     webshot = TRUE requires the webshot2 package; using rgl.snapshot() instead
    Quitting from lines 318-326 (icosa.Rmd)
    Error: processing vignette 'icosa.Rmd' failed with diagnostics:
    missing value where TRUE/FALSE needed
    --- failed re-building 'icosa.Rmd'
    
    SUMMARY: processing the following file failed:
     'icosa.Rmd'
    
    Error: Vignette re-building failed.
    In addition: Warning messages:
    1: In snapshot3d(paste0(name, ".png")) :
     webshot = TRUE requires the webshot2 package; using rgl.snapshot() instead
    2: In oldviewport$viewport * newsize : NAs produced by integer overflow
    3: In snapshot3d(paste0(name, ".png")) :
     webshot = TRUE requires the webshot2 package; using rgl.snapshot() instead
    4: In snapshot3d(paste0(name, ".png")) :
     webshot = TRUE requires the webshot2 package; using rgl.snapshot() instead
    5: In snapshot3d(paste0(name, ".png")) :
     webshot = TRUE requires the webshot2 package; using rgl.snapshot() instead
    Execution halted
Flavor: r-devel-windows-x86_64-gcc10-UCRT