CRAN Package Check Results for Package iglu

Last updated on 2021-10-28 00:48:47 CEST.

Flavor Version Tinstall Tcheck Ttotal Status Flags
r-devel-linux-x86_64-debian-clang 3.1.0 10.80 211.47 222.27 OK
r-devel-linux-x86_64-debian-gcc 3.1.0 7.63 146.61 154.24 OK
r-devel-linux-x86_64-fedora-clang 3.1.0 257.69 NOTE
r-devel-linux-x86_64-fedora-gcc 3.1.0 248.93 NOTE
r-devel-windows-x86_64 3.1.0 17.00 210.00 227.00 OK
r-devel-windows-x86_64-gcc10-UCRT 3.1.0 NOTE
r-patched-linux-x86_64 3.1.0 16.55 200.30 216.85 OK
r-patched-solaris-x86 3.1.0 254.70 NOTE
r-release-linux-x86_64 3.1.0 10.24 199.52 209.76 OK
r-release-macos-arm64 3.1.0 NOTE
r-release-macos-x86_64 3.1.0 NOTE
r-release-windows-ix86+x86_64 3.1.0 17.00 265.00 282.00 OK
r-oldrel-macos-x86_64 3.1.0 NOTE
r-oldrel-windows-ix86+x86_64 3.1.0 16.00 318.00 334.00 OK

Check Details

Version: 3.1.0
Check: dependencies in R code
Result: NOTE
    Namespace in Imports field not imported from: ‘plotly’
     All declared Imports should be used.
Flavors: r-devel-linux-x86_64-fedora-clang, r-devel-linux-x86_64-fedora-gcc, r-devel-windows-x86_64-gcc10-UCRT, r-patched-solaris-x86, r-release-macos-arm64, r-release-macos-x86_64, r-oldrel-macos-x86_64