Last updated on 2023-03-26 00:51:46 CET.
Flavor | Version | Tinstall | Tcheck | Ttotal | Status | Flags |
---|---|---|---|---|---|---|
r-devel-linux-x86_64-debian-clang | 0.1.1 | 71.60 | 30.04 | 101.64 | OK | |
r-devel-linux-x86_64-debian-gcc | 0.1.1 | 57.73 | 22.89 | 80.62 | OK | |
r-devel-linux-x86_64-fedora-clang | 0.1.1 | 153.26 | NOTE | |||
r-devel-linux-x86_64-fedora-gcc | 0.1.1 | 140.06 | OK | |||
r-patched-linux-x86_64 | 0.1.1 | 65.16 | 28.93 | 94.09 | OK | |
r-release-linux-x86_64 | 0.1.1 | 56.89 | 29.69 | 86.58 | OK | |
r-release-macos-arm64 | 0.1.1 | 44.00 | NOTE | |||
r-release-macos-x86_64 | 0.1.1 | 51.00 | NOTE | |||
r-release-windows-x86_64 | 0.1.1 | 1162.00 | 96.00 | 1258.00 | NOTE | |
r-oldrel-macos-arm64 | 0.1.1 | 39.00 | NOTE | |||
r-oldrel-macos-x86_64 | 0.1.1 | 55.00 | NOTE | |||
r-oldrel-windows-ix86+x86_64 | 0.1.1 | 192.00 | 95.00 | 287.00 | NOTE |
Version: 0.1.1
Check: installed package size
Result: NOTE
installed size is 10.9Mb
sub-directories of 1Mb or more:
dlib-19.20 9.5Mb
Flavors: r-devel-linux-x86_64-fedora-clang, r-release-macos-arm64, r-release-macos-x86_64, r-release-windows-x86_64, r-oldrel-macos-arm64, r-oldrel-macos-x86_64, r-oldrel-windows-ix86+x86_64