CRAN Package Check Results for Package image.dlib

Last updated on 2021-10-28 00:48:47 CEST.

Flavor Version Tinstall Tcheck Ttotal Status Flags
r-devel-linux-x86_64-debian-clang 0.1.0 56.11 28.01 84.12 OK
r-devel-linux-x86_64-debian-gcc 0.1.0 47.48 21.48 68.96 OK
r-devel-linux-x86_64-fedora-clang 0.1.0 144.34 NOTE
r-devel-linux-x86_64-fedora-gcc 0.1.0 124.48 OK
r-devel-windows-x86_64 0.1.0 94.00 48.00 142.00 NOTE
r-devel-windows-x86_64-gcc10-UCRT 0.1.0 OK
r-patched-linux-x86_64 0.1.0 59.21 26.09 85.30 OK
r-patched-solaris-x86 0.1.0 128.00 NOTE
r-release-linux-x86_64 0.1.0 59.77 26.23 86.00 OK
r-release-macos-arm64 0.1.0 NOTE
r-release-macos-x86_64 0.1.0 NOTE
r-release-windows-ix86+x86_64 0.1.0 142.00 80.00 222.00 NOTE
r-oldrel-macos-x86_64 0.1.0 NOTE
r-oldrel-windows-ix86+x86_64 0.1.0 148.00 80.00 228.00 NOTE

Check Details

Version: 0.1.0
Check: installed package size
Result: NOTE
     installed size is 13.6Mb
     sub-directories of 1Mb or more:
     dlib-19.20 9.3Mb
     libs 3.7Mb
Flavors: r-devel-linux-x86_64-fedora-clang, r-devel-windows-x86_64, r-patched-solaris-x86, r-release-macos-arm64, r-release-macos-x86_64, r-release-windows-ix86+x86_64, r-oldrel-macos-x86_64, r-oldrel-windows-ix86+x86_64