CRAN Package Check Results for Package image.textlinedetector

Last updated on 2021-10-16 00:49:18 CEST.

Flavor Version Tinstall Tcheck Ttotal Status Flags
r-devel-linux-x86_64-debian-clang 0.1.5 82.67 114.31 196.98 OK
r-devel-linux-x86_64-debian-gcc 0.1.5 59.50 29.66 89.16 OK
r-devel-linux-x86_64-fedora-gcc 0.1.5 250.06 OK
r-devel-windows-x86_64 0.1.5 115.00 82.00 197.00 NOTE
r-devel-windows-x86_64-gcc10-UCRT 0.1.5 WARN
r-patched-linux-x86_64 0.1.5 71.06 37.11 108.17 OK
r-release-linux-x86_64 0.1.5 69.87 36.81 106.68 OK
r-release-macos-arm64 0.1.5 NOTE
r-release-macos-x86_64 0.1.5 NOTE
r-release-windows-ix86+x86_64 0.1.5 230.00 148.00 378.00 NOTE
r-oldrel-macos-x86_64 0.1.5 NOTE
r-oldrel-windows-ix86+x86_64 0.1.5 242.00 157.00 399.00 NOTE

Check Details

Version: 0.1.5
Check: installed package size
Result: NOTE
     installed size is 21.1Mb
     sub-directories of 1Mb or more:
     libs 10.1Mb
     share 10.2Mb
Flavors: r-devel-windows-x86_64, r-release-macos-arm64, r-release-macos-x86_64, r-release-windows-ix86+x86_64, r-oldrel-macos-x86_64, r-oldrel-windows-ix86+x86_64

Version: 0.1.5
Check: whether package can be installed
Result: WARN
    Found the following significant warnings:
     WARNING: failed to apply patch patches/CRAN/image.textlinedetector.diff
Flavor: r-devel-windows-x86_64-gcc10-UCRT