Last updated on 2023-03-30 00:51:56 CEST.
Flavor | Version | Tinstall | Tcheck | Ttotal | Status | Flags |
---|---|---|---|---|---|---|
r-devel-linux-x86_64-debian-clang | 0.2.4 | 2.44 | 43.16 | 45.60 | OK | |
r-devel-linux-x86_64-debian-gcc | 0.2.4 | 2.63 | 33.13 | 35.76 | OK | |
r-devel-linux-x86_64-fedora-clang | 0.2.4 | 58.28 | NOTE | |||
r-devel-linux-x86_64-fedora-gcc | 0.2.4 | 67.27 | OK | |||
r-devel-windows-x86_64 | 0.2.4 | 44.00 | 0.00 | 44.00 | OK | |
r-patched-linux-x86_64 | 0.2.4 | 3.96 | 40.67 | 44.63 | OK | |
r-release-linux-x86_64 | 0.2.4 | 2.98 | 42.38 | 45.36 | OK | |
r-release-macos-arm64 | 0.2.4 | 30.00 | OK | |||
r-release-macos-x86_64 | 0.2.4 | 34.00 | OK | |||
r-release-windows-x86_64 | 0.2.4 | 34.00 | 1325.00 | 1359.00 | OK | |
r-oldrel-macos-arm64 | 0.2.4 | 31.00 | OK | |||
r-oldrel-macos-x86_64 | 0.2.4 | 39.00 | OK | |||
r-oldrel-windows-ix86+x86_64 | 0.2.4 | 8.00 | 96.00 | 104.00 | OK |
Version: 0.2.4
Check: Rd cross-references
Result: NOTE
Undeclared packages ‘bmp’, ‘jpeg’, ‘png’, ‘tiff’ in Rd xrefs
Flavor: r-devel-linux-x86_64-fedora-clang