CRAN Package Check Results for Package imager

Last updated on 2024-07-17 00:48:21 CEST.

Flavor Version Tinstall Tcheck Ttotal Status Flags
r-devel-linux-x86_64-debian-clang 1.0.2 645.72 208.85 854.57 OK
r-devel-linux-x86_64-debian-gcc 1.0.2 630.21 160.95 791.16 OK
r-devel-linux-x86_64-fedora-clang 1.0.2 1137.15 NOTE
r-devel-linux-x86_64-fedora-gcc 1.0.2 1763.34 OK
r-devel-windows-x86_64 1.0.2 598.00 266.00 864.00 NOTE
r-patched-linux-x86_64 1.0.2 744.45 209.17 953.62 OK
r-release-linux-x86_64 1.0.2 712.50 204.81 917.31 OK
r-release-macos-arm64 1.0.2 202.00 NOTE
r-release-macos-x86_64 1.0.2 272.00 NOTE
r-release-windows-x86_64 1.0.2 590.00 261.00 851.00 NOTE
r-oldrel-macos-arm64 1.0.2 201.00 NOTE
r-oldrel-macos-x86_64 1.0.2 384.00 NOTE
r-oldrel-windows-x86_64 1.0.2 728.00 317.00 1045.00 WARN

Check Details

Version: 1.0.2
Check: installed package size
Result: NOTE installed size is 15.8Mb sub-directories of 1Mb or more: data 1.4Mb doc 3.7Mb extdata 1.1Mb include 3.3Mb libs 5.6Mb Flavors: r-devel-linux-x86_64-fedora-clang, r-devel-windows-x86_64, r-release-macos-arm64, r-release-macos-x86_64, r-release-windows-x86_64, r-oldrel-macos-arm64, r-oldrel-macos-x86_64, r-oldrel-windows-x86_64

Version: 1.0.2
Check: whether package can be installed
Result: WARN Found the following significant warnings: D:/rtools43/usr/lib/mxe/usr/x86_64-w64-mingw32.static.posix/include/winnt.h:8404:37: warning: ISO C++ forbids flexible array member 'Elements' [-Wpedantic] D:/rtools43/usr/lib/mxe/usr/x86_64-w64-mingw32.static.posix/include/winnt.h:8667:22: warning: ISO C++ forbids flexible array member 'pEventLogRecords' [-Wpedantic] D:/rtools43/usr/lib/mxe/usr/x86_64-w64-mingw32.static.posix/include/winnt.h:8673:13: warning: ISO C++ forbids flexible array member 'ulOffsets' [-Wpedantic] D:/rtools43/usr/lib/mxe/usr/x86_64-w64-mingw32.static.posix/include/rpcndr.h:447:19: warning: ISO C++ forbids flexible array member 'Format' [-Wpedantic] D:/rtools43/usr/lib/mxe/usr/x86_64-w64-mingw32.static.posix/include/oaidl.h:548:37: warning: ISO C++ prohibits anonymous structs [-Wpedantic] D:/rtools43/usr/lib/mxe/usr/x86_64-w64-mingw32.static.posix/include/oaidl.h:499:29: warning: ISO C++ prohibits anonymous structs [-Wpedantic] See 'd:/Rcompile/CRANpkg/local/4.3/imager.Rcheck/00install.out' for details. * used C++ compiler: 'g++.exe (GCC) 12.3.0' Flavor: r-oldrel-windows-x86_64