CRAN Package Check Results for Package iml

Last updated on 2021-10-23 00:48:57 CEST.

Flavor Version Tinstall Tcheck Ttotal Status Flags
r-devel-linux-x86_64-debian-clang 0.10.1 16.04 429.43 445.47 OK
r-devel-linux-x86_64-debian-gcc 0.10.1 12.71 280.04 292.75 OK
r-devel-linux-x86_64-fedora-clang 0.10.1 475.59 NOTE
r-devel-linux-x86_64-fedora-gcc 0.10.1 438.46 NOTE
r-devel-windows-x86_64 0.10.1 27.00 364.00 391.00 OK
r-devel-windows-x86_64-gcc10-UCRT 0.10.1 NOTE
r-patched-linux-x86_64 0.10.1 16.51 320.25 336.76 OK
r-patched-solaris-x86 0.10.1 264.80 NOTE
r-release-linux-x86_64 0.10.1 15.23 323.44 338.67 OK
r-release-macos-arm64 0.10.1 NOTE
r-release-macos-x86_64 0.10.1 NOTE
r-release-windows-ix86+x86_64 0.10.1 23.00 351.00 374.00 OK
r-oldrel-macos-x86_64 0.10.1 NOTE
r-oldrel-windows-ix86+x86_64 0.10.1 31.00 385.00 416.00 OK

Check Details

Version: 0.10.1
Check: dependencies in R code
Result: NOTE
    Namespace in Imports field not imported from: ‘keras’
     All declared Imports should be used.
Flavors: r-devel-linux-x86_64-fedora-clang, r-devel-linux-x86_64-fedora-gcc, r-devel-windows-x86_64-gcc10-UCRT, r-patched-solaris-x86, r-release-macos-arm64, r-release-macos-x86_64, r-oldrel-macos-x86_64