CRAN Package Check Results for Package immuneSIM

Last updated on 2021-10-27 00:51:07 CEST.

Flavor Version Tinstall Tcheck Ttotal Status Flags
r-devel-linux-x86_64-debian-clang 0.8.7 49.46 194.54 244.00 NOTE
r-devel-linux-x86_64-debian-gcc 0.8.7 44.62 149.66 194.28 NOTE
r-devel-linux-x86_64-fedora-clang 0.8.7 306.34 NOTE
r-devel-linux-x86_64-fedora-gcc 0.8.7 296.90 NOTE
r-devel-windows-x86_64 0.8.7 74.00 234.00 308.00 NOTE
r-devel-windows-x86_64-gcc10-UCRT 0.8.7 NOTE
r-patched-linux-x86_64 0.8.7 46.18 186.92 233.10 NOTE
r-patched-solaris-x86 0.8.7 468.90 NOTE
r-release-linux-x86_64 0.8.7 44.07 185.29 229.36 NOTE
r-release-macos-arm64 0.8.7 NOTE
r-release-macos-x86_64 0.8.7 NOTE
r-release-windows-ix86+x86_64 0.8.7 60.00 193.00 253.00 NOTE
r-oldrel-macos-x86_64 0.8.7 OK
r-oldrel-windows-ix86+x86_64 0.8.7 87.00 214.00 301.00 OK

Check Details

Version: 0.8.7
Check: LazyData
Result: NOTE
     'LazyData' is specified without a 'data' directory
Flavors: r-devel-linux-x86_64-debian-clang, r-devel-linux-x86_64-debian-gcc, r-devel-linux-x86_64-fedora-clang, r-devel-linux-x86_64-fedora-gcc, r-devel-windows-x86_64, r-devel-windows-x86_64-gcc10-UCRT, r-patched-linux-x86_64, r-patched-solaris-x86, r-release-linux-x86_64, r-release-macos-arm64, r-release-macos-x86_64, r-release-windows-ix86+x86_64

Version: 0.8.7
Check: installed package size
Result: NOTE
     installed size is 5.2Mb
     sub-directories of 1Mb or more:
     R 5.1Mb
Flavor: r-release-macos-arm64