Last updated on 2023-09-23 00:53:55 CEST.
Flavor | Version | Tinstall | Tcheck | Ttotal | Status | Flags |
---|---|---|---|---|---|---|
r-devel-linux-x86_64-debian-clang | 0.8.7 | 49.37 | 213.66 | 263.03 | NOTE | |
r-devel-linux-x86_64-debian-gcc | 0.8.7 | 43.66 | 161.78 | 205.44 | NOTE | |
r-devel-linux-x86_64-fedora-clang | 0.8.7 | 348.64 | NOTE | |||
r-devel-linux-x86_64-fedora-gcc | 0.8.7 | 325.39 | NOTE | |||
r-devel-windows-x86_64 | 0.8.7 | 41.00 | 156.00 | 197.00 | NOTE | |
r-patched-linux-x86_64 | 0.8.7 | 41.35 | 212.42 | 253.77 | NOTE | |
r-release-linux-x86_64 | 0.8.7 | 38.30 | 206.61 | 244.91 | NOTE | |
r-release-macos-arm64 | 0.8.7 | 105.00 | NOTE | |||
r-release-macos-x86_64 | 0.8.7 | 163.00 | NOTE | |||
r-release-windows-x86_64 | 0.8.7 | 63.00 | 201.00 | 264.00 | NOTE | |
r-oldrel-macos-arm64 | 0.8.7 | 105.00 | NOTE | |||
r-oldrel-macos-x86_64 | 0.8.7 | 179.00 | NOTE | |||
r-oldrel-windows-x86_64 | 0.8.7 | 62.00 | 194.00 | 256.00 | NOTE |
Version: 0.8.7
Check: LazyData
Result: NOTE
'LazyData' is specified without a 'data' directory
Flavors: r-devel-linux-x86_64-debian-clang, r-devel-linux-x86_64-debian-gcc, r-devel-linux-x86_64-fedora-clang, r-devel-linux-x86_64-fedora-gcc, r-devel-windows-x86_64, r-patched-linux-x86_64, r-release-linux-x86_64, r-release-macos-arm64, r-release-macos-x86_64, r-release-windows-x86_64, r-oldrel-macos-arm64, r-oldrel-macos-x86_64, r-oldrel-windows-x86_64
Version: 0.8.7
Check: installed package size
Result: NOTE
installed size is 5.2Mb
sub-directories of 1Mb or more:
R 5.1Mb
Flavors: r-release-macos-arm64, r-release-macos-x86_64, r-oldrel-macos-arm64