CRAN Package Check Results for Package impactflu

Last updated on 2021-10-22 00:50:29 CEST.

Flavor Version Tinstall Tcheck Ttotal Status Flags
r-devel-linux-x86_64-debian-clang 0.1.0 28.30 51.19 79.49 NOTE
r-devel-linux-x86_64-debian-gcc 0.1.0 22.07 40.81 62.88 NOTE
r-devel-linux-x86_64-fedora-clang 0.1.0 117.16 NOTE
r-devel-linux-x86_64-fedora-gcc 0.1.0 102.11 NOTE
r-devel-windows-x86_64 0.1.0 43.00 81.00 124.00 NOTE
r-devel-windows-x86_64-gcc10-UCRT 0.1.0 NOTE
r-patched-linux-x86_64 0.1.0 25.99 48.63 74.62 NOTE
r-patched-solaris-x86 0.1.0 126.10 NOTE
r-release-linux-x86_64 0.1.0 27.82 48.62 76.44 NOTE
r-release-macos-arm64 0.1.0 NOTE
r-release-macos-x86_64 0.1.0 NOTE
r-release-windows-ix86+x86_64 0.1.0 76.00 101.00 177.00 NOTE
r-oldrel-macos-x86_64 0.1.0 OK
r-oldrel-windows-ix86+x86_64 0.1.0 80.00 120.00 200.00 OK

Check Details

Version: 0.1.0
Check: LazyData
Result: NOTE
     'LazyData' is specified without a 'data' directory
Flavors: r-devel-linux-x86_64-debian-clang, r-devel-linux-x86_64-debian-gcc, r-devel-linux-x86_64-fedora-clang, r-devel-linux-x86_64-fedora-gcc, r-devel-windows-x86_64, r-devel-windows-x86_64-gcc10-UCRT, r-patched-linux-x86_64, r-patched-solaris-x86, r-release-linux-x86_64, r-release-macos-arm64, r-release-macos-x86_64, r-release-windows-ix86+x86_64