CRAN Package Check Results for Package importinegi

Last updated on 2024-05-29 00:54:27 CEST.

Flavor Version Tinstall Tcheck Ttotal Status Flags
r-devel-linux-x86_64-debian-clang 1.2.1 4.20 34.27 38.47 OK
r-devel-linux-x86_64-debian-gcc 1.2.1 3.19 25.69 28.88 OK
r-devel-linux-x86_64-fedora-clang 1.2.1 48.86 NOTE
r-devel-linux-x86_64-fedora-gcc 1.2.1 61.34 NOTE
r-devel-windows-x86_64 1.2.1 4.00 48.00 52.00 OK
r-patched-linux-x86_64 1.2.1 2.80 31.86 34.66 OK
r-release-linux-x86_64 1.2.1 2.29 32.64 34.93 OK
r-release-macos-arm64 1.2.1 24.00 OK
r-release-windows-x86_64 1.2.1 4.00 49.00 53.00 OK
r-oldrel-macos-arm64 1.2.1 25.00 OK
r-oldrel-macos-x86_64 1.2.1 44.00 OK
r-oldrel-windows-x86_64 1.2.1 6.00 50.00 56.00 OK

Check Details

Version: 1.2.1
Check: dependencies in R code
Result: NOTE Namespaces in Imports field not imported from: ‘data.table’ ‘dplyr’ ‘haven’ All declared Imports should be used. Flavors: r-devel-linux-x86_64-fedora-clang, r-devel-linux-x86_64-fedora-gcc