CRAN Package Check Results for Package importinegi

Last updated on 2023-09-23 00:53:55 CEST.

Flavor Version Tinstall Tcheck Ttotal Status Flags
r-devel-linux-x86_64-debian-clang 1.2.0 3.74 31.46 35.20 OK
r-devel-linux-x86_64-debian-gcc 1.2.0 2.90 24.23 27.13 OK
r-devel-linux-x86_64-fedora-clang 1.2.0 46.89 NOTE
r-devel-linux-x86_64-fedora-gcc 1.2.0 56.32 NOTE
r-devel-windows-x86_64 1.2.0 5.00 47.00 52.00 OK
r-patched-linux-x86_64 1.2.0 3.93 30.96 34.89 OK
r-release-linux-x86_64 1.2.0 2.52 30.49 33.01 OK
r-release-macos-arm64 1.2.0 25.00 OK
r-release-macos-x86_64 1.2.0 36.00 OK
r-release-windows-x86_64 1.2.0 5.00 49.00 54.00 OK
r-oldrel-macos-arm64 1.2.0 19.00 OK
r-oldrel-macos-x86_64 1.2.0 25.00 OK
r-oldrel-windows-x86_64 1.2.0 6.00 49.00 55.00 OK

Check Details

Version: 1.2.0
Check: dependencies in R code
Result: NOTE
    Namespaces in Imports field not imported from:
     ‘data.table’ ‘dplyr’ ‘haven’
     All declared Imports should be used.
Flavors: r-devel-linux-x86_64-fedora-clang, r-devel-linux-x86_64-fedora-gcc