CRAN Package Check Results for Package imputeMissings

Last updated on 2021-10-28 00:48:47 CEST.

Flavor Version Tinstall Tcheck Ttotal Status Flags
r-devel-linux-x86_64-debian-clang 0.0.3 2.03 19.54 21.57 NOTE
r-devel-linux-x86_64-debian-gcc 0.0.3 1.58 15.71 17.29 NOTE
r-devel-linux-x86_64-fedora-clang 0.0.3 37.17 NOTE
r-devel-linux-x86_64-fedora-gcc 0.0.3 27.04 NOTE
r-devel-windows-x86_64 0.0.3 4.00 30.00 34.00 NOTE
r-devel-windows-x86_64-gcc10-UCRT 0.0.3 NOTE
r-patched-linux-x86_64 0.0.3 1.94 19.74 21.68 NOTE
r-patched-solaris-x86 0.0.3 42.30 NOTE
r-release-linux-x86_64 0.0.3 1.81 19.50 21.31 NOTE
r-release-macos-arm64 0.0.3 NOTE
r-release-macos-x86_64 0.0.3 NOTE
r-release-windows-ix86+x86_64 0.0.3 3.00 35.00 38.00 NOTE
r-oldrel-macos-x86_64 0.0.3 OK
r-oldrel-windows-ix86+x86_64 0.0.3 4.00 37.00 41.00 OK

Check Details

Version: 0.0.3
Check: LazyData
Result: NOTE
     'LazyData' is specified without a 'data' directory
Flavors: r-devel-linux-x86_64-debian-clang, r-devel-linux-x86_64-debian-gcc, r-devel-linux-x86_64-fedora-clang, r-devel-linux-x86_64-fedora-gcc, r-devel-windows-x86_64, r-devel-windows-x86_64-gcc10-UCRT, r-patched-linux-x86_64, r-patched-solaris-x86, r-release-linux-x86_64, r-release-macos-arm64, r-release-macos-x86_64, r-release-windows-ix86+x86_64