Last updated on 2023-03-22 00:52:23 CET.
Flavor | Version | Tinstall | Tcheck | Ttotal | Status | Flags |
---|---|---|---|---|---|---|
r-devel-linux-x86_64-debian-clang | 0.0.3 | 2.18 | 20.92 | 23.10 | NOTE | |
r-devel-linux-x86_64-debian-gcc | 0.0.3 | 1.65 | 16.73 | 18.38 | NOTE | |
r-devel-linux-x86_64-fedora-clang | 0.0.3 | 29.81 | NOTE | |||
r-devel-linux-x86_64-fedora-gcc | 0.0.3 | 27.33 | NOTE | |||
r-patched-linux-x86_64 | 0.0.3 | 2.02 | 22.16 | 24.18 | NOTE | |
r-release-linux-x86_64 | 0.0.3 | 1.39 | 22.31 | 23.70 | NOTE | |
r-release-macos-arm64 | 0.0.3 | 15.00 | NOTE | |||
r-release-macos-x86_64 | 0.0.3 | 20.00 | NOTE | |||
r-release-windows-x86_64 | 0.0.3 | 13.00 | 47.00 | 60.00 | NOTE | |
r-oldrel-macos-arm64 | 0.0.3 | 18.00 | NOTE | |||
r-oldrel-macos-x86_64 | 0.0.3 | 26.00 | NOTE | |||
r-oldrel-windows-ix86+x86_64 | 0.0.3 | 4.00 | 46.00 | 50.00 | NOTE |
Version: 0.0.3
Check: LazyData
Result: NOTE
'LazyData' is specified without a 'data' directory
Flavors: r-devel-linux-x86_64-debian-clang, r-devel-linux-x86_64-debian-gcc, r-devel-linux-x86_64-fedora-clang, r-devel-linux-x86_64-fedora-gcc, r-patched-linux-x86_64, r-release-linux-x86_64, r-release-macos-arm64, r-release-macos-x86_64, r-release-windows-x86_64, r-oldrel-macos-arm64, r-oldrel-macos-x86_64, r-oldrel-windows-ix86+x86_64