CRAN Package Check Results for Package imputeTS

Last updated on 2021-12-07 00:49:21 CET.

Flavor Version Tinstall Tcheck Ttotal Status Flags
r-devel-linux-x86_64-debian-clang 3.2 31.04 182.53 213.57 OK
r-devel-linux-x86_64-debian-gcc 3.2 27.24 133.98 161.22 OK
r-devel-linux-x86_64-fedora-clang 3.2 280.45 OK
r-devel-linux-x86_64-fedora-gcc 3.2 263.93 OK
r-devel-windows-x86_64-new-UL 3.2 56.00 293.00 349.00 OK
r-devel-windows-x86_64-new-TK 3.2 OK
r-devel-windows-x86_64-old 3.2 46.00 183.00 229.00 OK
r-patched-linux-x86_64 3.2 29.12 171.48 200.60 OK
r-release-linux-x86_64 3.2 30.10 178.61 208.71 OK
r-release-macos-arm64 3.2 OK
r-release-macos-x86_64 3.2 OK
r-release-windows-ix86+x86_64 3.2 84.00 361.00 445.00 NOTE
r-oldrel-macos-x86_64 3.2 OK
r-oldrel-windows-ix86+x86_64 3.2 84.00 350.00 434.00 NOTE

Check Details

Version: 3.2
Check: installed package size
Result: NOTE
     installed size is 5.1Mb
     sub-directories of 1Mb or more:
     data 1.3Mb
     doc 1.1Mb
     libs 2.1Mb
Flavors: r-release-windows-ix86+x86_64, r-oldrel-windows-ix86+x86_64