Last updated on 2023-09-23 00:53:55 CEST.
Flavor | Version | Tinstall | Tcheck | Ttotal | Status | Flags |
---|---|---|---|---|---|---|
r-devel-linux-x86_64-debian-clang | 1.3 | 11.16 | 100.71 | 111.87 | NOTE | |
r-devel-linux-x86_64-debian-gcc | 1.3 | 9.23 | 76.39 | 85.62 | NOTE | |
r-devel-linux-x86_64-fedora-clang | 1.3 | 145.62 | NOTE | |||
r-devel-linux-x86_64-fedora-gcc | 1.3 | 136.27 | NOTE | |||
r-devel-windows-x86_64 | 1.3 | 10.00 | 91.00 | 101.00 | NOTE | |
r-patched-linux-x86_64 | 1.3 | 12.91 | 101.08 | 113.99 | OK | |
r-release-linux-x86_64 | 1.3 | 9.34 | 99.88 | 109.22 | OK | |
r-release-macos-arm64 | 1.3 | 44.00 | OK | |||
r-release-macos-x86_64 | 1.3 | 71.00 | OK | |||
r-release-windows-x86_64 | 1.3 | 13.00 | 109.00 | 122.00 | OK | |
r-oldrel-macos-arm64 | 1.3 | 44.00 | OK | |||
r-oldrel-macos-x86_64 | 1.3 | 56.00 | OK | |||
r-oldrel-windows-x86_64 | 1.3 | 13.00 | 110.00 | 123.00 | OK |
Version: 1.3
Check: Rd contents
Result: NOTE
Argument items with no description in Rd object 'selectRuleRRF':
‘target’
Flavors: r-devel-linux-x86_64-debian-clang, r-devel-linux-x86_64-debian-gcc, r-devel-linux-x86_64-fedora-clang, r-devel-linux-x86_64-fedora-gcc, r-devel-windows-x86_64