CRAN Package Check Results for Package infinitefactor

Last updated on 2021-10-28 00:48:47 CEST.

Flavor Version Tinstall Tcheck Ttotal Status Flags
r-devel-linux-x86_64-debian-clang 1.0 57.69 74.99 132.68 OK
r-devel-linux-x86_64-debian-gcc 1.0 45.73 56.17 101.90 OK
r-devel-linux-x86_64-fedora-clang 1.0 191.87 OK
r-devel-linux-x86_64-fedora-gcc 1.0 177.07 OK
r-devel-windows-x86_64 1.0 77.00 80.00 157.00 OK
r-devel-windows-x86_64-gcc10-UCRT 1.0 OK
r-patched-linux-x86_64 1.0 52.99 69.52 122.51 OK
r-patched-solaris-x86 1.0 190.20 OK
r-release-linux-x86_64 1.0 52.45 69.51 121.96 OK
r-release-macos-arm64 1.0 NOTE
r-release-macos-x86_64 1.0 NOTE
r-release-windows-ix86+x86_64 1.0 120.00 153.00 273.00 OK
r-oldrel-macos-x86_64 1.0 NOTE
r-oldrel-windows-ix86+x86_64 1.0 112.00 152.00 264.00 OK

Check Details

Version: 1.0
Check: installed package size
Result: NOTE
     installed size is 6.0Mb
     sub-directories of 1Mb or more:
     libs 5.8Mb
Flavors: r-release-macos-arm64, r-release-macos-x86_64, r-oldrel-macos-x86_64