Last updated on 2023-03-22 00:52:23 CET.
Flavor | Version | Tinstall | Tcheck | Ttotal | Status | Flags |
---|---|---|---|---|---|---|
r-devel-linux-x86_64-debian-clang | 0.9-9 | 11.57 | 83.67 | 95.24 | NOTE | |
r-devel-linux-x86_64-debian-gcc | 0.9-9 | 8.51 | 64.70 | 73.21 | NOTE | |
r-devel-linux-x86_64-fedora-clang | 0.9-9 | 118.65 | NOTE | |||
r-devel-linux-x86_64-fedora-gcc | 0.9-9 | 113.18 | NOTE | |||
r-patched-linux-x86_64 | 0.9-9 | 10.25 | 80.43 | 90.68 | OK | |
r-release-linux-x86_64 | 0.9-9 | 10.44 | 82.08 | 92.52 | OK | |
r-release-macos-arm64 | 0.9-9 | 36.00 | OK | |||
r-release-macos-x86_64 | 0.9-9 | 60.00 | OK | |||
r-release-windows-x86_64 | 0.9-9 | 26.00 | 114.00 | 140.00 | OK | |
r-oldrel-macos-arm64 | 0.9-9 | 44.00 | OK | |||
r-oldrel-macos-x86_64 | 0.9-9 | 51.00 | OK | |||
r-oldrel-windows-ix86+x86_64 | 0.9-9 | 23.00 | 105.00 | 128.00 | OK |
Version: 0.9-9
Check: Rd files
Result: NOTE
checkRd: (-1) school23.Rd:30: Escaped LaTeX specials: \&
checkRd: (-1) school23.Rd:35: Escaped LaTeX specials: \&
Flavors: r-devel-linux-x86_64-debian-clang, r-devel-linux-x86_64-debian-gcc, r-devel-linux-x86_64-fedora-clang, r-devel-linux-x86_64-fedora-gcc