Last updated on 2023-03-29 00:57:10 CEST.
Flavor | Version | Tinstall | Tcheck | Ttotal | Status | Flags |
---|---|---|---|---|---|---|
r-devel-linux-x86_64-debian-clang | 2.7.0 | 28.34 | 296.11 | 324.45 | NOTE | |
r-devel-linux-x86_64-debian-gcc | 2.7.0 | 23.36 | 219.23 | 242.59 | NOTE | |
r-devel-linux-x86_64-fedora-clang | 2.7.0 | 487.40 | OK | |||
r-devel-linux-x86_64-fedora-gcc | 2.7.0 | 484.26 | OK | |||
r-devel-windows-x86_64 | 2.7.0 | 198.00 | 0.00 | 198.00 | NOTE | |
r-patched-linux-x86_64 | 2.7.0 | 36.22 | 280.26 | 316.48 | NOTE | |
r-release-linux-x86_64 | 2.7.0 | 23.95 | 264.40 | 288.35 | NOTE | |
r-release-macos-arm64 | 2.7.0 | 89.00 | NOTE | |||
r-release-macos-x86_64 | 2.7.0 | 129.00 | NOTE | |||
r-release-windows-x86_64 | 2.7.0 | 338.00 | 322.00 | 660.00 | NOTE | |
r-oldrel-macos-arm64 | 2.7.0 | 86.00 | NOTE | |||
r-oldrel-macos-x86_64 | 2.7.0 | 133.00 | NOTE | |||
r-oldrel-windows-ix86+x86_64 | 2.7.0 | 49.00 | 320.00 | 369.00 | OK |
Version: 2.7.0
Check: package dependencies
Result: NOTE
Package suggested but not available for checking: ‘INLA’
Flavors: r-devel-linux-x86_64-debian-clang, r-devel-linux-x86_64-debian-gcc, r-devel-windows-x86_64, r-patched-linux-x86_64, r-release-linux-x86_64, r-release-macos-arm64, r-release-macos-x86_64, r-release-windows-x86_64, r-oldrel-macos-arm64, r-oldrel-macos-x86_64