CRAN Package Check Results for Package inldata

Last updated on 2021-10-26 00:59:54 CEST.

Flavor Version Tinstall Tcheck Ttotal Status Flags
r-devel-linux-x86_64-debian-clang 1.0.3 17.58 64.51 82.09 OK
r-devel-linux-x86_64-debian-gcc 1.0.3 15.36 49.86 65.22 OK
r-devel-linux-x86_64-fedora-clang 1.0.3 104.95 NOTE
r-devel-linux-x86_64-fedora-gcc 1.0.3 96.25 NOTE
r-devel-windows-x86_64 1.0.3 23.00 102.00 125.00 OK
r-devel-windows-x86_64-gcc10-UCRT 1.0.3 NOTE
r-patched-linux-x86_64 1.0.3 14.89 61.97 76.86 OK
r-patched-solaris-x86 1.0.3 148.50 NOTE
r-release-linux-x86_64 1.0.3 15.96 62.78 78.74 OK
r-release-macos-arm64 1.0.3 NOTE
r-release-macos-x86_64 1.0.3 NOTE
r-release-windows-ix86+x86_64 1.0.3 16.00 110.00 126.00 OK
r-oldrel-macos-x86_64 1.0.3 NOTE
r-oldrel-windows-ix86+x86_64 1.0.3 24.00 91.00 115.00 OK

Check Details

Version: 1.0.3
Check: dependencies in R code
Result: NOTE
    Namespaces in Imports field not imported from:
     ‘raster’ ‘sp’
     All declared Imports should be used.
Flavors: r-devel-linux-x86_64-fedora-clang, r-devel-linux-x86_64-fedora-gcc, r-devel-windows-x86_64-gcc10-UCRT, r-patched-solaris-x86, r-release-macos-arm64, r-release-macos-x86_64, r-oldrel-macos-x86_64