Last updated on 2023-04-01 00:53:02 CEST.
Flavor | Version | Tinstall | Tcheck | Ttotal | Status | Flags |
---|---|---|---|---|---|---|
r-devel-linux-x86_64-debian-clang | 1.0.4 | 3.62 | 88.07 | 91.69 | OK | |
r-devel-linux-x86_64-debian-gcc | 1.0.4 | 2.81 | 68.59 | 71.40 | OK | |
r-devel-linux-x86_64-fedora-clang | 1.0.4 | 116.18 | NOTE | |||
r-devel-linux-x86_64-fedora-gcc | 1.0.4 | 122.29 | OK | |||
r-devel-windows-x86_64 | 1.0.4 | 29.00 | 0.00 | 29.00 | OK | |
r-patched-linux-x86_64 | 1.0.4 | 3.72 | 71.99 | 75.71 | OK | |
r-release-linux-x86_64 | 1.0.4 | 3.51 | 141.77 | 145.28 | OK | |
r-release-macos-arm64 | 1.0.4 | 55.00 | OK | |||
r-release-macos-x86_64 | 1.0.4 | 66.00 | OK | |||
r-release-windows-x86_64 | 1.0.4 | 21.00 | 179.00 | 200.00 | OK | |
r-oldrel-macos-arm64 | 1.0.4 | 56.00 | OK | |||
r-oldrel-macos-x86_64 | 1.0.4 | 72.00 | OK | |||
r-oldrel-windows-ix86+x86_64 | 1.0.4 | 8.00 | 165.00 | 173.00 | OK |
Version: 1.0.4
Check: installed package size
Result: NOTE
installed size is 5.0Mb
sub-directories of 1Mb or more:
doc 4.5Mb
Flavor: r-devel-linux-x86_64-fedora-clang