CRAN Package Check Results for Package insee

Last updated on 2024-06-14 00:53:46 CEST.

Flavor Version Tinstall Tcheck Ttotal Status Flags
r-devel-linux-x86_64-debian-clang 1.1.5 110.98 184.17 295.15 OK
r-devel-linux-x86_64-debian-gcc 1.1.5 0.64 1.87 2.51 ERROR
r-devel-linux-x86_64-fedora-clang 1.1.5 416.64 OK
r-devel-linux-x86_64-fedora-gcc 1.1.5 430.48 OK
r-devel-windows-x86_64 1.1.5 113.00 145.00 258.00 OK
r-patched-linux-x86_64 1.1.5 117.08 190.97 308.05 OK
r-release-linux-x86_64 1.1.5 119.36 186.32 305.68 OK
r-release-macos-arm64 1.1.5 150.00 OK
r-release-macos-x86_64 1.1.5 223.00 OK
r-release-windows-x86_64 1.1.5 117.00 145.00 262.00 OK
r-oldrel-macos-arm64 1.1.5 167.00 OK
r-oldrel-macos-x86_64 1.1.5 270.00 OK
r-oldrel-windows-x86_64 1.1.5 150.00 159.00 309.00 OK

Check Details

Version: 1.1.5
Check: package dependencies
Result: ERROR Packages required but not available: 'tibble', 'dplyr', 'stringr', 'tidyselect', 'purrr' Packages suggested but not available for checking: 'tidyverse', 'lubridate', 'kableExtra', 'testthat' See section ‘The DESCRIPTION file’ in the ‘Writing R Extensions’ manual. Flavor: r-devel-linux-x86_64-debian-gcc