CRAN Package Check Results for Package insight

Last updated on 2024-06-14 00:53:46 CEST.

Flavor Version Tinstall Tcheck Ttotal Status Flags
r-devel-linux-x86_64-debian-clang 0.20.0 34.47 581.27 615.74 OK
r-devel-linux-x86_64-debian-gcc 0.20.1 20.97 140.73 161.70 ERROR
r-devel-linux-x86_64-fedora-clang 0.20.1 775.66 OK
r-devel-linux-x86_64-fedora-gcc 0.20.1 749.98 OK
r-devel-windows-x86_64 0.20.1 7.00 9.00 16.00 ERROR
r-patched-linux-x86_64 0.20.1 35.03 564.18 599.21 NOTE
r-release-linux-x86_64 0.20.0 32.09 549.00 581.09 OK
r-release-macos-arm64 0.20.1 194.00 OK
r-release-macos-x86_64 0.20.1 536.00 OK
r-release-windows-x86_64 0.20.0 27.00 322.00 349.00 OK
r-oldrel-macos-arm64 0.20.1 188.00 OK
r-oldrel-macos-x86_64 0.20.1 502.00 OK
r-oldrel-windows-x86_64 0.20.1 29.00 359.00 388.00 OK

Check Details

Version: 0.20.1
Check: package dependencies
Result: NOTE Packages suggested but not available for checking: 'AER', 'afex', 'BayesFactor', 'blavaan', 'blme', 'brms', 'broom', 'car', 'cgam', 'cplm', 'epiR', 'feisr', 'fungible', 'gamm4', 'geepack', 'glmmTMB', 'gmnl', 'gt', 'httptest2', 'httr2', 'ivreg', 'lavaSearch2', 'lme4', 'lmerTest', 'logistf', 'logitr', 'merTools', 'metaBMA', 'metaplus', 'mice', 'mlogit', 'mmrm', 'nestedLogit', 'panelr', 'parsnip', 'pbkrtest', 'PROreg', 'rms', 'robustlmm', 'rstanarm', 'testthat' Flavor: r-devel-linux-x86_64-debian-gcc

Version: 0.20.1
Check: tests
Result: ERROR Running ‘testthat.R’ [0s/1s] Running the tests in ‘tests/testthat.R’ failed. Complete output: > library(testthat) Error in library(testthat) : there is no package called 'testthat' Execution halted Flavor: r-devel-linux-x86_64-debian-gcc

Version: 0.20.1
Check: whether package can be installed
Result: ERROR Installation failed. Flavor: r-devel-windows-x86_64

Version: 0.20.1
Check: package dependencies
Result: NOTE Packages suggested but not available for checking: 'blavaan', 'metaBMA' Flavor: r-patched-linux-x86_64