Last updated on 2023-12-02 00:51:59 CET.
Flavor | Version | Tinstall | Tcheck | Ttotal | Status | Flags |
---|---|---|---|---|---|---|
r-devel-linux-x86_64-debian-clang | 1.0 | 1.94 | 19.72 | 21.66 | NOTE | |
r-devel-linux-x86_64-debian-gcc | 1.0 | 1.26 | 15.40 | 16.66 | NOTE | |
r-devel-linux-x86_64-fedora-clang | 1.0 | 27.28 | NOTE | |||
r-devel-linux-x86_64-fedora-gcc | 1.0 | 26.52 | NOTE | |||
r-devel-windows-x86_64 | 1.0 | 3.00 | 37.00 | 40.00 | NOTE | |
r-patched-linux-x86_64 | 1.0 | 1.54 | 19.42 | 20.96 | NOTE | |
r-release-linux-x86_64 | 1.0 | 1.72 | 19.54 | 21.26 | NOTE | |
r-release-macos-arm64 | 1.0 | 18.00 | NOTE | |||
r-release-macos-x86_64 | 1.0 | 18.00 | NOTE | |||
r-release-windows-x86_64 | 1.0 | 2.00 | 37.00 | 39.00 | NOTE | |
r-oldrel-macos-arm64 | 1.0 | 17.00 | NOTE | |||
r-oldrel-macos-x86_64 | 1.0 | 20.00 | NOTE | |||
r-oldrel-windows-x86_64 | 1.0 | 5.00 | 42.00 | 47.00 | NOTE |
Version: 1.0
Check: DESCRIPTION meta-information
Result: NOTE
Malformed Title field: should not end in a period.
Flavors: r-devel-linux-x86_64-debian-clang, r-devel-linux-x86_64-debian-gcc, r-devel-linux-x86_64-fedora-clang, r-devel-linux-x86_64-fedora-gcc, r-devel-windows-x86_64, r-patched-linux-x86_64, r-release-linux-x86_64, r-release-macos-arm64, r-release-macos-x86_64, r-release-windows-x86_64, r-oldrel-macos-arm64, r-oldrel-macos-x86_64, r-oldrel-windows-x86_64