CRAN Package Check Results for Package intcensROC

Last updated on 2024-06-15 00:54:08 CEST.

Flavor Version Tinstall Tcheck Ttotal Status Flags
r-devel-linux-x86_64-debian-clang 0.1.3 64.87 42.67 107.54 NOTE
r-devel-linux-x86_64-debian-gcc 0.1.3 53.72 36.86 90.58 NOTE
r-devel-linux-x86_64-fedora-clang 0.1.3 159.62 NOTE
r-devel-linux-x86_64-fedora-gcc 0.1.3 188.39 NOTE
r-devel-windows-x86_64 0.1.3 54.00 89.00 143.00 NOTE
r-patched-linux-x86_64 0.1.3 69.60 46.66 116.26 NOTE
r-release-linux-x86_64 0.1.3 74.49 46.23 120.72 NOTE
r-release-macos-arm64 0.1.3 44.00 NOTE
r-release-macos-x86_64 0.1.3 72.00 WARN
r-release-windows-x86_64 0.1.3 54.00 115.00 169.00 NOTE
r-oldrel-macos-arm64 0.1.3 52.00 NOTE
r-oldrel-macos-x86_64 0.1.3 79.00 NOTE
r-oldrel-windows-x86_64 0.1.3 66.00 99.00 165.00 NOTE

Check Details

Version: 0.1.3
Check: C++ specification
Result: NOTE Specified C++11: please drop specification unless essential Flavors: r-devel-linux-x86_64-debian-clang, r-devel-linux-x86_64-debian-gcc, r-devel-linux-x86_64-fedora-clang, r-devel-linux-x86_64-fedora-gcc, r-devel-windows-x86_64, r-patched-linux-x86_64, r-release-linux-x86_64, r-release-macos-arm64, r-release-macos-x86_64, r-release-windows-x86_64, r-oldrel-macos-arm64, r-oldrel-macos-x86_64, r-oldrel-windows-x86_64

Version: 0.1.3
Check: installed package size
Result: NOTE installed size is 17.5Mb sub-directories of 1Mb or more: libs 17.3Mb Flavors: r-release-macos-arm64, r-release-macos-x86_64, r-oldrel-macos-arm64, r-oldrel-macos-x86_64

Version: 0.1.3
Check: re-building of vignette outputs
Result: WARN Error(s) in re-building vignettes: ... --- re-building ‘intcensROC.Rnw’ using knitr Error: processing vignette 'intcensROC.Rnw' failed with diagnostics: Running 'texi2dvi' on 'intcensROC.tex' failed. LaTeX errors: ! Undefined control sequence. l.6 \hldef {res} \hlkwb{<-} \hlkwd{intcensROC}\hldef{(U, V, Marker, Delta, Pr... ? ! Emergency stop. l.6 End of file on the terminal! ! ==> Fatal error occurred, no output PDF file produced! --- failed re-building ‘intcensROC.Rnw’ SUMMARY: processing the following file failed: ‘intcensROC.Rnw’ Error: Vignette re-building failed. Execution halted Flavor: r-release-macos-x86_64