CRAN Package Check Results for Package integr

Last updated on 2021-12-03 00:48:45 CET.

Flavor Version Tinstall Tcheck Ttotal Status Flags
r-devel-linux-x86_64-debian-clang 1.0.0 6.76 77.50 84.26 OK
r-devel-linux-x86_64-debian-gcc 1.0.0 4.85 57.44 62.29 OK
r-devel-linux-x86_64-fedora-clang 1.0.0 109.53 OK
r-devel-linux-x86_64-fedora-gcc 1.0.0 96.88 OK
r-devel-windows-x86_64-new-UL 1.0.0 19.00 126.00 145.00 OK
r-devel-windows-x86_64-new-TK 1.0.0 OK
r-devel-windows-x86_64-old 1.0.0 13.00 95.00 108.00 OK
r-patched-linux-x86_64 1.0.0 5.94 70.96 76.90 OK
r-release-linux-x86_64 1.0.0 6.68 71.38 78.06 OK
r-release-macos-arm64 1.0.0 OK
r-release-macos-x86_64 1.0.0 WARN
r-release-windows-ix86+x86_64 1.0.0 19.00 121.00 140.00 OK
r-oldrel-macos-x86_64 1.0.0 WARN
r-oldrel-windows-ix86+x86_64 1.0.0 19.00 113.00 132.00 OK

Check Details

Version: 1.0.0
Check: re-building of vignette outputs
Result: WARN
    Error(s) in re-building vignettes:
    --- re-building ‘IntGraphTutorial.Rmd’ using rmarkdown
    Warning in engine$weave(file, quiet = quiet, encoding = enc) :
     Pandoc (>= 1.12.3) not available. Falling back to R Markdown v1.
    Loading required package: dplyr
    
    Attaching package: 'dplyr'
    
    The following objects are masked from 'package:stats':
    
     filter, lag
    
    The following objects are masked from 'package:base':
    
     intersect, setdiff, setequal, union
    
    Loading required package: DiagrammeR
    Loading required package: DiagrammeRsvg
    Loading required package: rsvg
    Linking to librsvg 2.48.4
    Loading required package: gtools
    PhantomJS not found. You can install it with webshot::install_phantomjs(). If it is installed, please make sure the phantomjs executable can be found via the PATH variable.
    PhantomJS not found. You can install it with webshot::install_phantomjs(). If it is installed, please make sure the phantomjs executable can be found via the PATH variable.
    Quitting from lines 32-34 (IntGraphTutorial.Rmd)
    Error: processing vignette 'IntGraphTutorial.Rmd' failed with diagnostics:
    invalid 'path' argument
    --- failed re-building ‘IntGraphTutorial.Rmd’
    
    SUMMARY: processing the following file failed:
     ‘IntGraphTutorial.Rmd’
    
    Error: Vignette re-building failed.
    Execution halted
Flavor: r-release-macos-x86_64

Version: 1.0.0
Check: re-building of vignette outputs
Result: WARN
    Error(s) in re-building vignettes:
    --- re-building ‘IntGraphTutorial.Rmd’ using rmarkdown
    Warning in engine$weave(file, quiet = quiet, encoding = enc) :
     Pandoc (>= 1.12.3) and/or pandoc-citeproc not available. Falling back to R Markdown v1.
    Loading required package: dplyr
    
    Attaching package: 'dplyr'
    
    The following objects are masked from 'package:stats':
    
     filter, lag
    
    The following objects are masked from 'package:base':
    
     intersect, setdiff, setequal, union
    
    Loading required package: DiagrammeR
    Loading required package: DiagrammeRsvg
    Loading required package: rsvg
    Loading required package: gtools
    PhantomJS not found. You can install it with webshot::install_phantomjs(). If it is installed, please make sure the phantomjs executable can be found via the PATH variable.
    Warning in normalizePath(f2) :
     path[1]="webshota3e06b28a5bc.png": No such file or directory
    Warning in file(con, "rb") :
     cannot open file 'webshota3e06b28a5bc.png': No such file or directory
    Quitting from lines 32-34 (IntGraphTutorial.Rmd)
    Error: processing vignette 'IntGraphTutorial.Rmd' failed with diagnostics:
    cannot open the connection
    --- failed re-building ‘IntGraphTutorial.Rmd’
    
    SUMMARY: processing the following file failed:
     ‘IntGraphTutorial.Rmd’
    
    Error: Vignette re-building failed.
    Execution halted
Flavor: r-oldrel-macos-x86_64