Last updated on 2023-10-05 01:01:47 CEST.
Flavor | Version | Tinstall | Tcheck | Ttotal | Status | Flags |
---|---|---|---|---|---|---|
r-devel-linux-x86_64-debian-clang | 0.1.0 | 17.35 | 156.25 | 173.60 | OK | |
r-devel-linux-x86_64-debian-gcc | 0.1.0 | 12.09 | 116.28 | 128.37 | OK | |
r-devel-linux-x86_64-fedora-clang | 0.1.0 | 209.51 | NOTE | |||
r-devel-linux-x86_64-fedora-gcc | 0.1.0 | 218.33 | NOTE | |||
r-devel-windows-x86_64 | 0.1.0 | 15.00 | 123.00 | 138.00 | OK | |
r-patched-linux-x86_64 | 0.1.0 | 9.95 | 148.27 | 158.22 | OK | |
r-release-linux-x86_64 | 0.1.0 | 12.53 | 148.23 | 160.76 | OK | |
r-release-macos-arm64 | 0.1.0 | 72.00 | OK | |||
r-release-macos-x86_64 | 0.1.0 | 112.00 | OK | |||
r-release-windows-x86_64 | 0.1.0 | 24.00 | 162.00 | 186.00 | OK | |
r-oldrel-macos-arm64 | 0.1.0 | 66.00 | NOTE | |||
r-oldrel-macos-x86_64 | 0.1.0 | 100.00 | NOTE | |||
r-oldrel-windows-x86_64 | 0.1.0 | 20.00 | 162.00 | 182.00 | OK |
Version: 0.1.0
Check: dependencies in R code
Result: NOTE
Namespaces in Imports field not imported from:
‘grDevices’ ‘methods’ ‘mlbench’ ‘parallel’ ‘utils’
All declared Imports should be used.
Flavors: r-devel-linux-x86_64-fedora-clang, r-devel-linux-x86_64-fedora-gcc, r-oldrel-macos-arm64, r-oldrel-macos-x86_64