Last updated on 2023-09-30 00:56:08 CEST.
Flavor | Version | Tinstall | Tcheck | Ttotal | Status | Flags |
---|---|---|---|---|---|---|
r-devel-linux-x86_64-debian-clang | 1.0.1 | 86.17 | 454.21 | 540.38 | NOTE | |
r-devel-linux-x86_64-debian-gcc | 1.0.1 | 65.64 | 343.12 | 408.76 | NOTE | |
r-devel-linux-x86_64-fedora-clang | 1.0.1 | 661.04 | NOTE | |||
r-devel-linux-x86_64-fedora-gcc | 1.0.1 | 741.11 | NOTE | |||
r-devel-windows-x86_64 | 1.0.1 | 63.00 | 326.00 | 389.00 | NOTE | |
r-patched-linux-x86_64 | 1.0.1 | 86.41 | 438.17 | 524.58 | NOTE | |
r-release-linux-x86_64 | 1.0.1 | 90.95 | 439.81 | 530.76 | NOTE | |
r-release-macos-arm64 | 1.0.1 | 189.00 | NOTE | |||
r-release-macos-x86_64 | 1.0.1 | 366.00 | NOTE | |||
r-release-windows-x86_64 | 1.0.1 | 91.00 | 446.00 | 537.00 | NOTE | |
r-oldrel-macos-arm64 | 1.0.1 | 152.00 | OK | |||
r-oldrel-macos-x86_64 | 1.0.1 | 255.00 | OK | |||
r-oldrel-windows-x86_64 | 1.0.1 | 92.00 | 430.00 | 522.00 | OK |
Version: 1.0.1
Check: C++ specification
Result: NOTE
Specified C++11: please drop specification unless essential
Flavors: r-devel-linux-x86_64-debian-clang, r-devel-linux-x86_64-debian-gcc, r-devel-linux-x86_64-fedora-clang, r-devel-linux-x86_64-fedora-gcc, r-devel-windows-x86_64, r-patched-linux-x86_64, r-release-linux-x86_64, r-release-macos-arm64, r-release-macos-x86_64, r-release-windows-x86_64