CRAN Package Check Results for Package intradayModel

Last updated on 2024-06-25 00:58:03 CEST.

Flavor Version Tinstall Tcheck Ttotal Status Flags
r-devel-linux-x86_64-debian-clang 0.0.1 6.63 314.67 321.30 NOTE
r-devel-linux-x86_64-debian-gcc 0.0.1 5.60 211.72 217.32 NOTE
r-devel-linux-x86_64-fedora-clang 0.0.1 392.24 NOTE
r-devel-linux-x86_64-fedora-gcc 0.0.1 373.05 NOTE
r-devel-windows-x86_64 0.0.1 7.00 183.00 190.00 NOTE
r-patched-linux-x86_64 0.0.1 6.75 288.11 294.86 NOTE
r-release-linux-x86_64 0.0.1 4.46 282.06 286.52 NOTE
r-release-macos-arm64 0.0.1 78.00 NOTE
r-release-macos-x86_64 0.0.1 130.00 NOTE
r-release-windows-x86_64 0.0.1 7.00 184.00 191.00 NOTE
r-oldrel-macos-arm64 0.0.1 89.00 OK
r-oldrel-macos-x86_64 0.0.1 159.00 OK
r-oldrel-windows-x86_64 0.0.1 10.00 263.00 273.00 OK

Check Details

Version: 0.0.1
Check: Rd files
Result: NOTE checkRd: (-1) decompose_volume.Rd:21: Lost braces in \itemize; \value handles \item{}{} directly checkRd: (-1) decompose_volume.Rd:22: Lost braces in \itemize; \value handles \item{}{} directly checkRd: (-1) decompose_volume.Rd:23: Lost braces in \itemize; \value handles \item{}{} directly checkRd: (-1) decompose_volume.Rd:24: Lost braces in \itemize; \value handles \item{}{} directly checkRd: (-1) fit_volume.Rd:44: Lost braces in \itemize; \value handles \item{}{} directly checkRd: (-1) fit_volume.Rd:45: Lost braces in \itemize; \value handles \item{}{} directly checkRd: (-1) fit_volume.Rd:46: Lost braces in \itemize; \value handles \item{}{} directly checkRd: (-1) fit_volume.Rd:47: Lost braces in \itemize; \value handles \item{}{} directly checkRd: (-1) forecast_volume.Rd:19: Lost braces in \itemize; \value handles \item{}{} directly checkRd: (-1) forecast_volume.Rd:20: Lost braces in \itemize; \value handles \item{}{} directly checkRd: (-1) forecast_volume.Rd:21: Lost braces in \itemize; \value handles \item{}{} directly checkRd: (-1) forecast_volume.Rd:22: Lost braces in \itemize; \value handles \item{}{} directly checkRd: (-1) generate_plots.Rd:15: Lost braces in \itemize; \value handles \item{}{} directly checkRd: (-1) generate_plots.Rd:16: Lost braces in \itemize; \value handles \item{}{} directly checkRd: (-1) generate_plots.Rd:17: Lost braces in \itemize; \value handles \item{}{} directly Flavors: r-devel-linux-x86_64-debian-clang, r-devel-linux-x86_64-debian-gcc, r-devel-linux-x86_64-fedora-clang, r-devel-linux-x86_64-fedora-gcc, r-devel-windows-x86_64, r-patched-linux-x86_64, r-release-linux-x86_64, r-release-macos-arm64, r-release-macos-x86_64, r-release-windows-x86_64