CRAN Package Check Results for Package intrval

Last updated on 2021-10-20 00:49:42 CEST.

Flavor Version Tinstall Tcheck Ttotal Status Flags
r-devel-linux-x86_64-debian-clang 0.1-2 2.14 34.97 37.11 NOTE
r-devel-linux-x86_64-debian-gcc 0.1-2 1.75 26.61 28.36 NOTE
r-devel-linux-x86_64-fedora-clang 0.1-2 55.33 NOTE
r-devel-linux-x86_64-fedora-gcc 0.1-2 44.81 NOTE
r-devel-windows-x86_64 0.1-2 4.00 49.00 53.00 NOTE
r-devel-windows-x86_64-gcc10-UCRT 0.1-2 NOTE
r-patched-linux-x86_64 0.1-2 2.52 33.64 36.16 NOTE
r-patched-solaris-x86 0.1-2 66.90 NOTE
r-release-linux-x86_64 0.1-2 1.93 34.05 35.98 NOTE
r-release-macos-arm64 0.1-2 NOTE
r-release-macos-x86_64 0.1-2 NOTE
r-release-windows-ix86+x86_64 0.1-2 5.00 36.00 41.00 NOTE
r-oldrel-macos-x86_64 0.1-2 OK
r-oldrel-windows-ix86+x86_64 0.1-2 5.00 41.00 46.00 OK

Check Details

Version: 0.1-2
Check: LazyData
Result: NOTE
     'LazyData' is specified without a 'data' directory
Flavors: r-devel-linux-x86_64-debian-clang, r-devel-linux-x86_64-debian-gcc, r-devel-linux-x86_64-fedora-clang, r-devel-linux-x86_64-fedora-gcc, r-devel-windows-x86_64, r-devel-windows-x86_64-gcc10-UCRT, r-patched-linux-x86_64, r-patched-solaris-x86, r-release-linux-x86_64, r-release-macos-arm64, r-release-macos-x86_64, r-release-windows-ix86+x86_64