CRAN Package Check Results for Package invctr

Last updated on 2021-10-16 00:49:18 CEST.

Flavor Version Tinstall Tcheck Ttotal Status Flags
r-devel-linux-x86_64-debian-clang 0.1.0 2.93 30.93 33.86 NOTE
r-devel-linux-x86_64-debian-gcc 0.1.0 2.31 24.91 27.22 NOTE
r-devel-linux-x86_64-fedora-clang 0.1.0 51.12 NOTE
r-devel-linux-x86_64-fedora-gcc 0.1.0 41.15 NOTE
r-devel-windows-x86_64 0.1.0 5.00 41.00 46.00 NOTE
r-devel-windows-x86_64-gcc10-UCRT 0.1.0 NOTE
r-patched-linux-x86_64 0.1.0 2.24 31.10 33.34 NOTE
r-patched-solaris-x86 0.1.0 66.30 NOTE
r-release-linux-x86_64 0.1.0 2.78 30.83 33.61 NOTE
r-release-macos-arm64 0.1.0 NOTE
r-release-macos-x86_64 0.1.0 NOTE
r-release-windows-ix86+x86_64 0.1.0 6.00 71.00 77.00 NOTE
r-oldrel-macos-x86_64 0.1.0 OK
r-oldrel-windows-ix86+x86_64 0.1.0 7.00 67.00 74.00 OK

Check Details

Version: 0.1.0
Check: LazyData
Result: NOTE
     'LazyData' is specified without a 'data' directory
Flavors: r-devel-linux-x86_64-debian-clang, r-devel-linux-x86_64-debian-gcc, r-devel-linux-x86_64-fedora-clang, r-devel-linux-x86_64-fedora-gcc, r-devel-windows-x86_64, r-devel-windows-x86_64-gcc10-UCRT, r-patched-linux-x86_64, r-patched-solaris-x86, r-release-linux-x86_64, r-release-macos-arm64, r-release-macos-x86_64, r-release-windows-ix86+x86_64