CRAN Package Check Results for Package ionflows

Last updated on 2021-10-17 00:48:40 CEST.

Flavor Version Tinstall Tcheck Ttotal Status Flags
r-devel-linux-x86_64-debian-clang 1.1 15.33 136.35 151.68 NOTE
r-devel-linux-x86_64-debian-gcc 1.1 12.18 101.85 114.03 NOTE
r-devel-linux-x86_64-fedora-clang 1.1 186.65 NOTE
r-devel-linux-x86_64-fedora-gcc 1.1 175.97 NOTE
r-devel-windows-x86_64 1.1 18.00 119.00 137.00 NOTE
r-devel-windows-x86_64-gcc10-UCRT 1.1 NOTE
r-patched-linux-x86_64 1.1 13.07 130.82 143.89 NOTE
r-patched-solaris-x86 1.1 251.80 NOTE
r-release-linux-x86_64 1.1 15.10 129.65 144.75 NOTE
r-release-macos-arm64 1.1 NOTE
r-release-macos-x86_64 1.1 NOTE
r-release-windows-ix86+x86_64 1.1 31.00 115.00 146.00 NOTE
r-oldrel-macos-x86_64 1.1 NOTE
r-oldrel-windows-ix86+x86_64 1.1 19.00 110.00 129.00 NOTE

Check Details

Version: 1.1
Check: R code for possible problems
Result: NOTE
    flowsRandom: no visible global function definition for 'dmultinom'
    readBed: no visible global function definition for 'read.table'
    Undefined global functions or variables:
     dmultinom read.table
    Consider adding
     importFrom("stats", "dmultinom")
     importFrom("utils", "read.table")
    to your NAMESPACE file.
Flavors: r-devel-linux-x86_64-debian-clang, r-devel-linux-x86_64-debian-gcc, r-devel-linux-x86_64-fedora-clang, r-devel-linux-x86_64-fedora-gcc, r-devel-windows-x86_64, r-devel-windows-x86_64-gcc10-UCRT, r-patched-linux-x86_64, r-patched-solaris-x86, r-release-linux-x86_64, r-release-macos-arm64, r-release-macos-x86_64, r-release-windows-ix86+x86_64, r-oldrel-macos-x86_64, r-oldrel-windows-ix86+x86_64