Last updated on 2023-09-27 23:37:36 CEST.
Flavor | Version | Tinstall | Tcheck | Ttotal | Status | Flags |
---|---|---|---|---|---|---|
r-devel-linux-x86_64-debian-clang | 0.7.3 | 87.73 | 103.04 | 190.77 | NOTE | |
r-devel-linux-x86_64-debian-gcc | 0.7.3 | 60.24 | 79.64 | 139.88 | NOTE | |
r-devel-linux-x86_64-fedora-clang | 0.7.3 | 246.91 | NOTE | |||
r-devel-linux-x86_64-fedora-gcc | 0.7.3 | 262.42 | NOTE | |||
r-devel-windows-x86_64 | 0.7.3 | 64.00 | 112.00 | 176.00 | NOTE | |
r-patched-linux-x86_64 | 0.7.3 | 75.82 | 102.25 | 178.07 | OK | |
r-release-linux-x86_64 | 0.7.3 | 76.19 | 100.77 | 176.96 | OK | |
r-release-macos-arm64 | 0.7.3 | 75.00 | NOTE | |||
r-release-macos-x86_64 | 0.7.3 | 110.00 | NOTE | |||
r-release-windows-x86_64 | 0.7.3 | 82.00 | 141.00 | 223.00 | OK | |
r-oldrel-macos-arm64 | 0.7.3 | 60.00 | NOTE | |||
r-oldrel-macos-x86_64 | 0.7.3 | 103.00 | NOTE | |||
r-oldrel-windows-x86_64 | 0.7.3 | 75.00 | 136.00 | 211.00 | OK |
Version: 0.7.3
Check: Rd metadata
Result: NOTE
Invalid package aliases in Rd file 'iprior_package.Rd':
‘iprior_package-package’
Flavors: r-devel-linux-x86_64-debian-clang, r-devel-linux-x86_64-debian-gcc, r-devel-linux-x86_64-fedora-clang, r-devel-linux-x86_64-fedora-gcc, r-devel-windows-x86_64
Version: 0.7.3
Check: installed package size
Result: NOTE
installed size is 9.1Mb
sub-directories of 1Mb or more:
libs 7.8Mb
Flavors: r-release-macos-arm64, r-release-macos-x86_64, r-oldrel-macos-arm64, r-oldrel-macos-x86_64
Version: 0.7.3
Check: package dependencies
Result: NOTE
Package suggested but not available for checking: ‘caret’
Flavor: r-release-macos-x86_64
Version: 0.7.3
Check: re-building of vignette outputs
Result: NOTE
Note: skipping ‘tecator.Rmd’ due to unavailable dependencies: 'caret'
Flavor: r-release-macos-x86_64